{"id":8424,"date":"2013-10-18T10:58:52","date_gmt":"2013-10-18T08:58:52","guid":{"rendered":"https:\/\/www.holisticattitude.com\/wordpress\/?page_id=8424"},"modified":"2018-09-09T12:57:46","modified_gmt":"2018-09-09T10:57:46","slug":"chakras-fort-ou-fiable","status":"publish","type":"page","link":"https:\/\/www.holisticattitude.com\/yoga\/chakras-fort-ou-fiable\/","title":{"rendered":"CHAKRA fort ou fiable"},"content":{"rendered":"<div id=\"attachment_10458\" style=\"width: 230px\" class=\"wp-caption alignleft\"><a href=\"https:\/\/www.holisticattitude.com\/?attachment_id=10458\" rel=\"attachment wp-att-10458\"><img loading=\"lazy\" decoding=\"async\" aria-describedby=\"caption-attachment-10458\" src=\"https:\/\/www.holisticattitude.com\/wp-content\/uploads\/\/fleurlotus_ferm\u00e9e-e1408436861484.jpg\" alt=\"\" title=\"fleurlotus_ferm\u00e9e\" width=\"220\" height=\"164\" class=\"size-full wp-image-10458\" \/><\/a><p id=\"caption-attachment-10458\" class=\"wp-caption-text\">Une fleur de lotus ferm\u00e9<\/p><\/div>\n<div id=\"attachment_10464\" style=\"width: 230px\" class=\"wp-caption alignright\"><a href=\"https:\/\/www.holisticattitude.com\/?attachment_id=10464\" rel=\"attachment wp-att-10464\"><img loading=\"lazy\" decoding=\"async\" aria-describedby=\"caption-attachment-10464\" src=\"https:\/\/www.holisticattitude.com\/wp-content\/uploads\/\/fleur_lotusouvert\u00e91-e1408437011358.jpg\" alt=\"\" title=\"fleur_lotusouvert\u00e9\" width=\"220\" height=\"176\" class=\"size-full wp-image-10464\" \/><\/a><p id=\"caption-attachment-10464\" class=\"wp-caption-text\">Une fleur de lotus ouverte<\/p><\/div>\n<p><\/BR><\/p>\n<p>D&rsquo;apr\u00e8s mes connaissances et mon exp\u00e9rience un  <a href=\"https:\/\/www.holisticattitude.com\/?page_id=1076\"> CHAKRA<\/a>   n&rsquo;est pas bloqu\u00e9 mais plut\u00f4t <strong>FAIBLE <\/strong>ou <strong>FORT.  <\/strong> <\/p>\n<p>Je crois que ce terme  <a href=\"https:\/\/www.holisticattitude.com\/?page_id=1076\"> CHAKRA<\/a>  bloqu\u00e9<\/strong>\u00a0\u00bb a \u00e9t\u00e9 occidentalis\u00e9 afin de profiter des gens<strong> cr\u00e9dules.<\/strong> <\/p>\n<li> Un  <a href=\"https:\/\/www.holisticattitude.com\/?page_id=1076\"> CHAKRA<\/a>    (un centre \u00e9nerg\u00e9tique) est comme une <strong>fleur<\/strong> qui a la capacit\u00e9 de s&rsquo;ouvrir pleinement.  Plus qu&rsquo;elle<strong> s&rsquo;\u00e9panouit<\/strong> plus qu&rsquo;<strong>elle s&rsquo;ouvrit <\/strong><\/li>\n<li> Il est important que l\u2019\u00e9nergie circule librement dans la zone <\/li>\n<p>Le but d&rsquo;un <strong>TRAVAIL SUR SOI <\/strong>est de stimuler et d&rsquo;\u00e9quilibrer les  <a href=\"https:\/\/www.holisticattitude.com\/?page_id=1076\"> CHAKRA<\/a>   afin de mener une <strong>vie harmonieuse<\/strong> et <strong>HOLISTIQUE<\/strong> dans tous les domaines de votre vie.<br \/>\n<\/BR><\/p>\n<p>Pour savoir si les      <a href=\"https:\/\/www.holisticattitude.com\/?page_id=1076\"> CHAKRAS<\/a>  ne fonctionnent pas bien je vous conseille de vous poser des questions du genre  :<\/p>\n<li>Comment est-ce que<strong> je me sens<\/strong> aujourd&rsquo;hui?  <\/li>\n<li> Est-ce que je vais bien, <strong>suis-je bien<\/strong> dans ma peau ?   <\/li>\n<li> Dans quel domaine de ma vie ai-je l&rsquo;impression que les \u00e9v\u00e9nements me d\u00e9passent ou m&rsquo;\u00e9chappent ?   <\/li>\n<p><\/BR><br \/>\nLorsque vous r\u00e9pondez aux <strong>questions <\/strong>pos\u00e9es au dessus essayer de percevoir les <strong>sensations<\/strong>, les <strong>pens\u00e9es<\/strong> que vous \u00e9prouvez dans votre corps en les scannant mentalement, (un balayage mental)<\/p>\n<li>Localisez les endroits  du corps o\u00f9 vous \u00e9prouvez des <strong>sensations d\u00e9sagr\u00e9ables,<\/strong> de la tension ou de la g\u00eane<\/li>\n<p><div id=\"attachment_13561\" style=\"width: 206px\" class=\"wp-caption aligncenter\"><img loading=\"lazy\" decoding=\"async\" aria-describedby=\"caption-attachment-13561\" src=\"https:\/\/www.holisticattitude.com\/wp-content\/uploads\/\/chakra_etonnoir.png\" alt=\"\" width=\"196\" height=\"294\" class=\"size-full wp-image-13561\" \/><p id=\"caption-attachment-13561\" class=\"wp-caption-text\">Les chakras s&rsquo;ouvrent comme un entonnoir<\/p><\/div><br \/>\n<\/BR><br \/>\nJe vous donne <strong>quelques affirmations<\/strong> pour vous aider dans ce cheminement.<\/p>\n<li> Lorsque vous lirez <strong>les affirmations (en dessous<\/strong> de la page)<br \/>\n<strong>Si<\/strong> l&rsquo;affirmation \u00e9voque une <strong>r\u00e9ponse positive,<\/strong> passer \u00e0 l&rsquo;affirmation suivante  <\/li>\n<li><strong>Si<\/strong> vous n&rsquo;\u00eates pas d&rsquo;accord avec l&rsquo;affirmation ou si elle vous met mal \u00e0 l&rsquo;aise, ou que vous sentiez une g\u00eane il est tr\u00e8s probable que vous ayez besoin de <strong>stimuler la zone d&rsquo;\u00e9nergie<\/strong> dans le  <a href=\"https:\/\/www.holisticattitude.com\/?page_id=1076\"> CHAKRA<\/a>  concern\u00e9 en travaillant soit avec le yoga (les asanas), la m\u00e9ditation, la visualisation, le Qi Gong, le chant des mantras ou quel que soit le support qui vous convienne  <\/li>\n<p><\/BR><br \/>\n<strong>LES AFFIRMATIONS<\/strong><br \/>\n<\/BR><\/p>\n<li>Mon rapport avec le <strong>monde mat\u00e9riel<\/strong> et l&rsquo;argent sont <strong>sains<\/strong>, je me sens en s\u00e9curit\u00e9, je me nourris de l&rsquo;\u00e9nergie de la m\u00e8re terre  <\/li>\n<li>Je <strong>cr\u00e9e des liens facilement<\/strong>, je suis ouvert aux autres    <\/li>\n<li>Je <strong>me sens \u00e9panoui<\/strong> (e) et cr\u00e9atif   <\/li>\n<li>Ma <strong>vie de famille<\/strong> est un facteur d&rsquo;\u00e9panouissement   <\/li>\n<li>Ma<strong> vie affective<\/strong> va bien  <\/li>\n<li>Je g\u00e8re <strong>bien mes \u00e9motions<\/strong><\/li>\n<li>J&rsquo;ai <strong>confiance en moi<\/strong>, je suis mon meilleur ami<\/li>\n<li>   Je suis quelqu&rsquo;un <strong>d&rsquo;int\u00e8gre<\/strong>  <\/li>\n<li>Je partage mes possessions facilement avec les autres  <\/li>\n<li>  Je donne <strong>sans attendre de retour<\/strong> <\/li>\n<li>L<strong>&lsquo;amour inconditionnel<\/strong> est une \u00e9motion que je ressens ais\u00e9ment  <\/li>\n<li>Je suis <strong>en paix<\/strong><\/li>\n<li>Je <strong>m&rsquo;exprime<\/strong> facilement.  J&rsquo;exprime tout-ce que j&rsquo;ai \u00e0 dire \u00e0 mon entourage  <\/li>\n<li>J&rsquo;ai une <strong>bonne intuition <\/strong>je fais confiance \u00e0 mon intelligence int\u00e9rieure  <\/li>\n<li>Ma <strong>vie spirituelle<\/strong> est riche, je m&rsquo;accepte telle que je suis.  J&rsquo;accepte les autres tels qu&rsquo;ils sont <\/li>\n<li>Je comprends. <\/li>\n<li>  Je fais <strong>face \u00e0 la vie<\/strong> quelque soit <strong>l&rsquo;\u00e9preuve<\/strong><\/li>\n<li>Je <strong>me sens bien<\/strong> et je suis reconnaissant (e) \u00e0 la vie  <\/li>\n","protected":false},"excerpt":{"rendered":"<p>D&rsquo;apr\u00e8s mes connaissances et mon exp\u00e9rience un CHAKRA n&rsquo;est pas bloqu\u00e9 mais plut\u00f4t FAIBLE ou FORT. Je crois que ce terme CHAKRA bloqu\u00e9\u00a0\u00bb a \u00e9t\u00e9 occidentalis\u00e9 afin de profiter des gens cr\u00e9dules. Un CHAKRA (un centre \u00e9nerg\u00e9tique) est comme une fleur qui a la capacit\u00e9 de s&rsquo;ouvrir pleinement. Plus qu&rsquo;elle s&rsquo;\u00e9panouit plus qu&rsquo;elle s&rsquo;ouvrit Il [&hellip;]<\/p>\n","protected":false},"author":1,"featured_media":0,"parent":6743,"menu_order":11,"comment_status":"open","ping_status":"closed","template":"","meta":{"_monsterinsights_skip_tracking":false,"_monsterinsights_sitenote_active":false,"_monsterinsights_sitenote_note":"","_monsterinsights_sitenote_category":0,"slim_seo":{"title":"CHAKRA fort ou fiable - Holistic Attitude","description":"Une fleur de lotus ferm\u00e9 Une fleur de lotus ouverte D'apr\u00e8s mes connaissances et mon exp\u00e9rience un CHAKRA n'est pas bloqu\u00e9 mais plut\u00f4t FAIBLE ou FORT. Je crois"},"footnotes":""},"class_list":["post-8424","page","type-page","status-publish","hentry"],"_links":{"self":[{"href":"https:\/\/www.holisticattitude.com\/wp-json\/wp\/v2\/pages\/8424","targetHints":{"allow":["GET"]}}],"collection":[{"href":"https:\/\/www.holisticattitude.com\/wp-json\/wp\/v2\/pages"}],"about":[{"href":"https:\/\/www.holisticattitude.com\/wp-json\/wp\/v2\/types\/page"}],"author":[{"embeddable":true,"href":"https:\/\/www.holisticattitude.com\/wp-json\/wp\/v2\/users\/1"}],"replies":[{"embeddable":true,"href":"https:\/\/www.holisticattitude.com\/wp-json\/wp\/v2\/comments?post=8424"}],"version-history":[{"count":9,"href":"https:\/\/www.holisticattitude.com\/wp-json\/wp\/v2\/pages\/8424\/revisions"}],"predecessor-version":[{"id":13812,"href":"https:\/\/www.holisticattitude.com\/wp-json\/wp\/v2\/pages\/8424\/revisions\/13812"}],"up":[{"embeddable":true,"href":"https:\/\/www.holisticattitude.com\/wp-json\/wp\/v2\/pages\/6743"}],"wp:attachment":[{"href":"https:\/\/www.holisticattitude.com\/wp-json\/wp\/v2\/media?parent=8424"}],"curies":[{"name":"wp","href":"https:\/\/api.w.org\/{rel}","templated":true}]}}