{"id":5604,"date":"2013-04-11T09:43:49","date_gmt":"2013-04-11T07:43:49","guid":{"rendered":"http:\/\/www.holisticattitude.com\/wordpress\/?page_id=5604"},"modified":"2020-12-11T09:45:28","modified_gmt":"2020-12-11T07:45:28","slug":"mineraux","status":"publish","type":"page","link":"https:\/\/www.holisticattitude.com\/?page_id=5604","title":{"rendered":"MIN\u00c9RAUX -ROCHES"},"content":{"rendered":"<p>J&rsquo;ai toujours \u00e9t\u00e9 fascin\u00e9e par les min\u00e9raux depuis mon enfance. Leur reflet, douceur, beaut\u00e9 et leur couleurs m&rsquo;apaisent.<\/p>\n<div id=\"attachment_10360\" style=\"width: 130px\" class=\"wp-caption aligncenter\"><a href=\"https:\/\/www.holisticattitude.com\/?attachment_id=10360\" rel=\"attachment wp-att-10360\"><img loading=\"lazy\" decoding=\"async\" aria-describedby=\"caption-attachment-10360\" src=\"https:\/\/www.holisticattitude.com\/wp-content\/uploads\/\/min\u00e9raux_photo_2013_12.4KB.jpg\" alt=\"\" title=\"min\u00e9raux_photo_2013_12.4KB\" width=\"120\" height=\"121\" class=\"size-full wp-image-10360\" \/><\/a><p id=\"caption-attachment-10360\" class=\"wp-caption-text\">Le monde de pierres<\/p><\/div>\n<li>Les min\u00e9raux sont des \u00e9l\u00e9ments <strong>inorganiques<\/strong>, des <strong>substances naturelles<\/strong> et solides qui viennent de <strong>la terre<\/strong> et de<strong> la mer<\/strong>.<\/li>\n<li>Les min\u00e9raux sont<strong> fa\u00e7onn\u00e9s par le temps<\/strong>,le vent et la g\u00e9ologie. Ils proviennent des r\u00e9gions constitu\u00e9es de roches <strong>granitiques<\/strong> ( ou<strong> m\u00e9tamorphiques<\/strong>) et ils sont issues de roches magmatiques d\u00fb aux temp\u00e9ratures et pressions de la terre plut\u00f4t que celles faites de <strong>roches s\u00e9dimentaires<\/strong> (les s\u00e9diments qui se d\u00e9posent dans les <strong>bassins s\u00e9dimentaires)<\/strong> (et donc dans l&rsquo;eau de la mer).<\/li>\n<li>Je crois fermement que le<strong> corps est intelligent <\/strong>et qu\u2019il  sait ce qu\u2019il est bien pour nous. <\/li>\n<li>Les min\u00e9raux sont r\u00e9put\u00e9s pour<strong> soigner le corps<\/strong> et les champs \u00e9nerg\u00e9tiques.  <\/li>\n<li>  Le<strong> lithoth\u00e9rapie<\/strong> ou <strong>l&rsquo;\u00e9nergie des pierres<\/strong> cherche \u00e0 soigner par le biais des certains  min\u00e9raux et cristaux. Est-ce que les min\u00e9raux pourraient nous gu\u00e9rir? Je ne crois pas qu&rsquo;<strong>un seul min\u00e9ral<\/strong> puisse nous gu\u00e9rir de tout nos maux cependant il est tr\u00e8s probable qu&rsquo;ils puissent modifier le taux vibratoire de notre<strong> corps \u00e9nerg\u00e9tique<\/strong> en quantit\u00e9 suffisante et pendant <strong>un certain temps.<\/strong> <\/li>\n<li>Cependant s\u2019il y a une chose dont je suis certaine c\u2019est quand je porterai l&rsquo;un d&rsquo;eux,<strong> (sous forme de collier, bague, boucle d&rsquo;oreilles ou bracelet)  je me sens bien<\/strong>. \t<\/li>\n<li> Comment bien choisir un min\u00e9ral ?  Le choix du <strong>min\u00e9ral<\/strong> d\u00e9pend de <strong>votre humeur.<\/strong>  Je laisse toujours mon esprit\/mon ressenti choisir le min\u00e9ral que je vais porter dans la journ\u00e9e.  II convient de se mettre \u00e0 l\u2019\u00e9coute de son corps \ud83d\ude42<\/li>\n<li>II est \u00e9galement important de prendre soin de vos min\u00e9raux en les nettoyant. <strong>La m\u00e9thode <\/strong> le plus simple est de les plonger dans  un verre d&rsquo;eau (de<strong> l&rsquo;eau filtr\u00e9e<\/strong>) pendant <strong>8- 12 heures<\/strong>. Laissez le verre en face de la lumi\u00e8re, pr\u00e9f\u00e9rablement sur un rebord de fen\u00eatre, id\u00e9alement orient\u00e9 vers le sud- le soleil-quand il est l\u00e0 \ud83d\ude42<\/li>\n<li> II existe des milliers de min\u00e9raux (au moins <strong>3000 esp\u00e8ces min\u00e9rales<\/strong>) cependant je vous pr\u00e9sente une selection de mes min\u00e9raux pr\u00e9f\u00e9r\u00e9s. \t<\/li>\n<p><\/BR><\/p>\n<table width=\"300\" border=\"3\">\n<tr>\n<td width=\"40%\"> <strong>COULEUR<\/strong> <\/td>\n<td><strong> MIN\u00c9RALE <\/strong><\/td>\n<\/tr>\n<tr>\n<td> <strong> ROUGE  <\/strong><\/td>\n<td>\n<li>Le jaspe rouge <\/li>\n<\/td>\n<\/tr>\n<tr>\n<td> <strong>ORANGE<\/strong><\/td>\n<td>\n<li> La calcite orange<\/li>\n<li>la cornaline<\/li>\n<li> la pierre de soleil  <\/li>\n<\/td>\n<\/tr>\n<tr>\n<td><strong> JAUNE<\/strong><\/td>\n<td>\n<li>L&rsquo;ambre<\/li>\n<li>L&rsquo;aventurine jaune -gai\u00e9t\u00e9<\/li>\n<li> la calcite<\/li>\n<li> la citrine<\/li>\n<\/td>\n<\/tr>\n<tr>\n<td><strong>ROSE<\/strong> <\/td>\n<td>\n<li> La calc\u00e9doine rose<\/li>\n<li> la pierre de lune<\/li>\n<li> la quartz rose<\/li>\n<li> la rhodonite<\/li>\n<li>  la rhodocrosite<\/li>\n<p>  <\/ td><\/tr>\n<tr>\n<td> <strong>VERT<\/strong><\/td>\n<td>\n<li> L&rsquo;amazonite de Russie<\/li>\n<li>ambre verte<\/li>\n<li>  l\u2019aventurine verte<\/li>\n<li> la fluorine verte<\/li>\n<li> le jade<\/li>\n<li> la malachite<\/li>\n<li> le p\u00e9ridot<\/li>\n<\/td>\n<\/tr>\n<tr>\n<td><strong>BLEU<\/strong> <\/td>\n<td>\n<li>L&rsquo;aventurine bleue<\/li>\n<li>L\u2019azurite malachite<\/li>\n<li> la calc\u00e9doine bleue<\/li>\n<li> le chrysocolle<\/li>\n<li>la cyanite bleue-l\u00e2cher prise<\/li>\n<li>le lapis lazuli<\/li>\n<li> le turquoise<\/li>\n<li> la topaze bleue<\/li>\n<\/td>\n<\/tr>\n<tr>\n<td> <strong>INDIGO<\/strong><\/td>\n<td>\n<li> la lapis lazuli,<\/li>\n<li> la sodalite<\/li>\n<\/td>\n<\/tr>\n<tr>\n<td><strong>VIOLET <\/strong><\/td>\n<td>\n<li>L&rsquo;am\u00e9thyste<\/li>\n<li> la sugilite<\/li>\n<\/td>\n<\/tr>\n<tr>\n<td><strong>INCOLORE avec parfois de petites inclusions de rutiles<\/strong><\/td>\n<td>\n<li> La cristal de roche <\/li>\n<\/td>\n<\/tr>\n<tr>\n<td><strong>BRUNE<\/strong><\/td>\n<td>\n<li>Ambre brune<\/li>\n<li>l&rsquo;\u0153il de tigre (brun)<\/li>\n<\/td>\n<\/tr>\n<tr>\n<td><strong>NOIRE<\/strong><\/td>\n<td>\n<li>L&rsquo;obsidienne noire<\/li>\n<li>La tourmaline noire<\/li>\n<\/td>\n<\/tr>\n<tr>\n<td><strong>DE NOIR GRIS ARGENT\u00c9 <\/strong><\/td>\n<td>\n<li> L&rsquo;h\u00e9matite <\/li>\n<\/td>\n<\/tr>\n<tr>\n<td> <strong>REFLET DOR\u00c9E<\/strong><\/td>\n<td>\n<li>La labradorite  <\/li>\n<\/td>\n<\/tr>\n<\/table>\n","protected":false},"excerpt":{"rendered":"<p>J&rsquo;ai toujours \u00e9t\u00e9 fascin\u00e9e par les min\u00e9raux depuis mon enfance. Leur reflet, douceur, beaut\u00e9 et leur couleurs m&rsquo;apaisent. Les min\u00e9raux sont des \u00e9l\u00e9ments inorganiques, des substances naturelles et solides qui viennent de la terre et de la mer. Les min\u00e9raux sont fa\u00e7onn\u00e9s par le temps,le vent et la g\u00e9ologie. Ils proviennent des r\u00e9gions constitu\u00e9es de [&hellip;]<\/p>\n","protected":false},"author":1,"featured_media":0,"parent":3040,"menu_order":19,"comment_status":"open","ping_status":"closed","template":"","meta":{"_monsterinsights_skip_tracking":false,"_monsterinsights_sitenote_active":false,"_monsterinsights_sitenote_note":"","_monsterinsights_sitenote_category":0,"slim_seo":{"title":"MIN\u00c9RAUX -ROCHES - Holistic Attitude","description":"J'ai toujours \u00e9t\u00e9 fascin\u00e9e par les min\u00e9raux depuis mon enfance. Leur reflet, douceur, beaut\u00e9 et leur couleurs m'apaisent. Le monde de pierres Les min\u00e9raux sont"},"footnotes":""},"class_list":["post-5604","page","type-page","status-publish","hentry"],"_links":{"self":[{"href":"https:\/\/www.holisticattitude.com\/index.php?rest_route=\/wp\/v2\/pages\/5604","targetHints":{"allow":["GET"]}}],"collection":[{"href":"https:\/\/www.holisticattitude.com\/index.php?rest_route=\/wp\/v2\/pages"}],"about":[{"href":"https:\/\/www.holisticattitude.com\/index.php?rest_route=\/wp\/v2\/types\/page"}],"author":[{"embeddable":true,"href":"https:\/\/www.holisticattitude.com\/index.php?rest_route=\/wp\/v2\/users\/1"}],"replies":[{"embeddable":true,"href":"https:\/\/www.holisticattitude.com\/index.php?rest_route=%2Fwp%2Fv2%2Fcomments&post=5604"}],"version-history":[{"count":2,"href":"https:\/\/www.holisticattitude.com\/index.php?rest_route=\/wp\/v2\/pages\/5604\/revisions"}],"predecessor-version":[{"id":10362,"href":"https:\/\/www.holisticattitude.com\/index.php?rest_route=\/wp\/v2\/pages\/5604\/revisions\/10362"}],"up":[{"embeddable":true,"href":"https:\/\/www.holisticattitude.com\/index.php?rest_route=\/wp\/v2\/pages\/3040"}],"wp:attachment":[{"href":"https:\/\/www.holisticattitude.com\/index.php?rest_route=%2Fwp%2Fv2%2Fmedia&parent=5604"}],"curies":[{"name":"wp","href":"https:\/\/api.w.org\/{rel}","templated":true}]}}