{"id":4136,"date":"2013-02-08T11:01:52","date_gmt":"2013-02-08T09:01:52","guid":{"rendered":"http:\/\/www.holisticattitude.com\/wordpress\/?page_id=4136"},"modified":"2013-08-05T19:42:32","modified_gmt":"2013-08-05T17:42:32","slug":"face-a-deux-choix-le-corps-et-l%e2%80%99esprit-sont-lies","status":"publish","type":"page","link":"https:\/\/www.holisticattitude.com\/?page_id=4136","title":{"rendered":"FACE \u00c0 DEUX CHOIX -LE CORPS ET L\u2019ESPRIT SONT LI\u00c9S"},"content":{"rendered":"<p>Nous sommes tous CONFRONT\u00c9S \u00e0 des choix QUOTIDIENS ou DE VIE la r\u00e9ponse VIT en nous, quelque part enfouie au FOND de notre \u00caTRE.  <\/p>\n<li> Notre situation actuelle, notre vie est le R\u00c9SULTAT des choix que NOUS avez fait (en tant qu&rsquo;adulte) et nous VIVONS toujours les cons\u00e9quences <\/li>\n<li>Nos choix cr\u00e9ent notre AVENIR<\/li>\n<li> Chaque CHOIX implique des compromis importants entre le BONHEUR personnel et le BONHEUR UNIVERSEL<\/li>\n<li> Chaque choix que nous faisons a des CONS\u00c9QUENCES sur nous et notre entourage que parfois nous choisissons d&rsquo;ignorer <\/li>\n<li> II est important de se rappeler que nous avons toujours le CHOIX m\u00eame si quelque fois le choix est DIFFICILE  voire IMPENSABLE <\/li>\n<li>M\u00eame \u00eatre un (e) victime d&rsquo;une situation est un choix que ce soit conscient ou inconscient  <\/li>\n<li> Des CHOIX \u00e0 FAIRE :  il est pr\u00e9f\u00e9rable de VIVRE EN PLEINE CONSCIENCE. C&rsquo;est VOUS le PILOTE de votre vie ou vous devriez l&rsquo;\u00eatre \ud83d\ude41   <\/li>\n<li> Nous sommes tous LIBRE de choisir mais NOUS ne pouvons pas \u00c9CHAPPER aux CONS\u00c9QUENCES. Un PARADOXE UNIVERSEL. <\/li>\n<li>Quand vous devez faire un choix ET vous ne le faites pas, c&rsquo;est EN SOI un choix<\/li>\n<p> (William James philosophe et psychologue Am\u00e9ricain) <\/li>\n<p>Voici <strong>Un EXERCICE SIMPLE \u00e0 FAIRE<\/strong> pour vous aider \u00e0 faire le bon CHOIX \ud83d\ude42<\/p>\n<p><div id=\"attachment_7170\" style=\"width: 160px\" class=\"wp-caption aligncenter\"><a href=\"https:\/\/www.holisticattitude.com\/?attachment_id=7170\" rel=\"attachment wp-att-7170\"><img loading=\"lazy\" decoding=\"async\" aria-describedby=\"caption-attachment-7170\" src=\"https:\/\/www.holisticattitude.com\/wp-content\/uploads\/\/quelchoix.jpg\" alt=\"\" title=\"quelchoix\" width=\"150\" height=\"112\" class=\"size-full wp-image-7170\" \/><\/a><p id=\"caption-attachment-7170\" class=\"wp-caption-text\">LA VIE EST FAITE DE CHOIX<\/p><\/div><br \/>\nSoyez<strong> \u00e0 l&rsquo;\u00e9coute de vous, <\/strong> de vos sensations.<\/p>\n<li>D\u00e9tendez-vous<\/li>\n<li><strong>Songez au CHOIX<\/strong> que vous souhaitez faire .<\/li>\n<li> Commencez cet exercice en pensant <strong>au PREMIER <\/strong> choix  <\/li>\n<li><strong>Soyez attentif<\/strong> prenez conscience de votre respiration, comment vous SENTEZ-VOUS?<\/li>\n<li>Essayez de <strong>PERCEVOIR <\/strong> vos SENSATIONS CORPORELLES PR\u00c9SENTES  en songeant \u00e0 ce choix.<\/li>\n<li>Songez \u00e0 votre <strong>DEUXI\u00c8ME choix<\/strong>, comment vous SENTEZ-VOUS maintenant ?<\/li>\n<p><\/BR><br \/>\nCOMPRENDRE VOS R\u00c9ACTIONS<\/p>\n<li><strong>Une sensation de bien-\u00eatre<\/strong>, de paix, de joie, votre respiration est calme, des \u00e9motions agr\u00e9ables :la r\u00e9ponse EST plut\u00f4t <strong>favorable <\/strong><\/li>\n<p>  la r\u00e9ponse est <strong>OUI<\/strong><\/p>\n<li><strong>Une sensation de mal-\u00eatre<\/strong>, les tensions musculaires, la peur, la respiration acc\u00e9l\u00e9r\u00e9e, le n\u0153ud au ventre, la boule dans la gorge, la transpiration, les \u00e9motions d\u00e9sagr\u00e9ables : la r\u00e9ponse N&rsquo;EST pas favorable, la r\u00e9ponse est  <strong>NON<\/strong>.<\/li>\n","protected":false},"excerpt":{"rendered":"<p>Nous sommes tous CONFRONT\u00c9S \u00e0 des choix QUOTIDIENS ou DE VIE la r\u00e9ponse VIT en nous, quelque part enfouie au FOND de notre \u00caTRE. Notre situation actuelle, notre vie est le R\u00c9SULTAT des choix que NOUS avez fait (en tant qu&rsquo;adulte) et nous VIVONS toujours les cons\u00e9quences Nos choix cr\u00e9ent notre AVENIR Chaque CHOIX implique [&hellip;]<\/p>\n","protected":false},"author":1,"featured_media":0,"parent":197,"menu_order":3,"comment_status":"open","ping_status":"closed","template":"","meta":{"_monsterinsights_skip_tracking":false,"_monsterinsights_sitenote_active":false,"_monsterinsights_sitenote_note":"","_monsterinsights_sitenote_category":0,"slim_seo":{"title":"FACE \u00c0 DEUX CHOIX -LE CORPS ET L\u2019ESPRIT SONT LI\u00c9S - Holistic Attitude","description":"Nous sommes tous CONFRONT\u00c9S \u00e0 des choix QUOTIDIENS ou DE VIE la r\u00e9ponse VIT en nous, quelque part enfouie au FOND de notre \u00caTRE. Notre situation actuelle, notre"},"footnotes":""},"class_list":["post-4136","page","type-page","status-publish","hentry"],"_links":{"self":[{"href":"https:\/\/www.holisticattitude.com\/index.php?rest_route=\/wp\/v2\/pages\/4136","targetHints":{"allow":["GET"]}}],"collection":[{"href":"https:\/\/www.holisticattitude.com\/index.php?rest_route=\/wp\/v2\/pages"}],"about":[{"href":"https:\/\/www.holisticattitude.com\/index.php?rest_route=\/wp\/v2\/types\/page"}],"author":[{"embeddable":true,"href":"https:\/\/www.holisticattitude.com\/index.php?rest_route=\/wp\/v2\/users\/1"}],"replies":[{"embeddable":true,"href":"https:\/\/www.holisticattitude.com\/index.php?rest_route=%2Fwp%2Fv2%2Fcomments&post=4136"}],"version-history":[{"count":0,"href":"https:\/\/www.holisticattitude.com\/index.php?rest_route=\/wp\/v2\/pages\/4136\/revisions"}],"up":[{"embeddable":true,"href":"https:\/\/www.holisticattitude.com\/index.php?rest_route=\/wp\/v2\/pages\/197"}],"wp:attachment":[{"href":"https:\/\/www.holisticattitude.com\/index.php?rest_route=%2Fwp%2Fv2%2Fmedia&parent=4136"}],"curies":[{"name":"wp","href":"https:\/\/api.w.org\/{rel}","templated":true}]}}