{"id":15460,"date":"2020-05-03T18:35:09","date_gmt":"2020-05-03T16:35:09","guid":{"rendered":"https:\/\/www.holisticattitude.com\/?page_id=15460"},"modified":"2021-04-03T14:53:54","modified_gmt":"2021-04-03T12:53:54","slug":"les-huiles-essentielles-pour-le-bain","status":"publish","type":"page","link":"https:\/\/www.holisticattitude.com\/huiles-essentielles\/les-huiles-essentielles-pour-le-bain\/","title":{"rendered":"LES HUILES ESSENTIELLES: POUR LE BAIN (une HE \u00e0 la fois)"},"content":{"rendered":"<p>N&rsquo;OUBLIEZ PAS DE LIRE <a href=\"https:\/\/www.holisticattitude.com\/?page_id=677\"> R\u00c8GLES D&rsquo;OR<\/a> AVANT DE L&rsquo;UTILISER LES HUILES ESSENTIELLES (HE)<\/p>\n<div id=\"attachment_15467\" style=\"width: 248px\" class=\"wp-caption aligncenter\"><img loading=\"lazy\" decoding=\"async\" aria-describedby=\"caption-attachment-15467\" src=\"https:\/\/www.holisticattitude.com\/wp-content\/uploads\/\/bainauxhuilesessentielles.png\" alt=\"\" width=\"238\" height=\"169\" class=\"size-full wp-image-15467\" \/><p id=\"caption-attachment-15467\" class=\"wp-caption-text\">Bain aux huiles essentielles<\/p><\/div>\n<p><strong>UNE BASE NEUTRE POUR LE BAIN<\/strong><br \/>\nIl s&rsquo;agit d&rsquo;<strong>un produit neutre<\/strong>, permettant une parfaite dilution de l&rsquo;huile essentielle dans l&rsquo;eau du bain, disponible en boutique d&rsquo;aromath\u00e9rapie ainsi que dans les pharmacies qui vendent des huiles essentielles.  La plupart des bases pour bain sont des d\u00e9riv\u00e9s de l&rsquo;huile de ricin. Ce ne sont pas des gels douches ni des savons, les bases pour bain n&rsquo;ayant aucune activit\u00e9 \u00ab\u00a0nettoyante\u00a0\u00bb (<em>Dani\u00e8le Fiesty<\/em>.)<\/p>\n<p>Faute de produit neutre vous pourriez diluer l&rsquo;huile essentielle dans du <strong>LAIT<\/strong> (par exemple diluer <strong>10<\/strong> gouttes d&rsquo;huile essentielles dans <strong>une cuill\u00e8re \u00e0 soupe<\/strong> de lait).<\/p>\n<div id=\"attachment_5396\" style=\"width: 250px\" class=\"wp-caption aligncenter\"><a href=\"https:\/\/www.holisticattitude.com\/?attachment_id=5396\" rel=\"attachment wp-att-5396\"><img loading=\"lazy\" decoding=\"async\" aria-describedby=\"caption-attachment-5396\" src=\"https:\/\/www.holisticattitude.com\/wp-content\/uploads\/\/massage-huiles-essentielles.jpg\" alt=\"\" title=\"massage-huiles-essentielles\" width=\"240\" height=\"160\" class=\"size-full wp-image-5396\" \/><\/a><p id=\"caption-attachment-5396\" class=\"wp-caption-text\">Un havre de paix<\/p><\/div>\n<table style=\u201dtext-align: center; height: 152px;\u201d border=\u201d1\u2033 cellspacing=\u201d0\u2033 cellpadding=\u201d0\u2033 width=\u201d390\u2033>\n<tbody>\n<tr style=\u201dbackground-color: #e9e9e9; font-weight:bolder;\u201d>\n<td><strong>INDICATIONS<\/strong><\/td>\n<td><strong>HUILE (s) ESSENTIELLE (s)<\/strong><\/td>\n<td><strong>USAGE EXTERNE<\/strong><\/td>\n<\/tr>\n<tr>\n<td>  <strong> BAIN ANTI-STRESS <\/strong>(c\u00e9phal\u00e9es, crampes, morosit\u00e9) . <\/td>\n<td>HE de <strong> Basilic Tropical <\/strong>  (Nom latin : <em> Ocimum basilicum ssp basilicum<\/em>). <\/td>\n<td><strong>Mode d\u2019emploi <\/strong>: Diluez 4 ou 5 gouttes dans une base neutre pour bain, puis plongez le tout dans l&rsquo;eau du bain d\u00e9j\u00e0 coul\u00e9e. .  Restez au moins 15 minutes dans le bain.     <\/td>\n<\/tr>\n<tr>\n<td>  <strong>  BAIN ANTI-STRESS<\/strong> (g\u00eanes respiratoires qu\u2019ils soient somatiques ou psychosomatiques) .   <\/td>\n<td>  <strong>  HE de Bergamote <\/strong>.    (Nom latin : <em>Citrus bergamia<\/em>).  <\/td>\n<td> <strong>Mode d\u2019emploi<\/strong> : Diluez une dizaine de gouttes de Bergamote dans une base neutre pour bain (une cuill\u00e8re \u00e0 soupe), puis plongez le tout dans l&rsquo;eau du bain d\u00e9j\u00e0 coul\u00e9e.  Restez au moins 15 minutes dans le bain.    <\/td>\n<\/tr>\n<tr>\n<td> <strong>  BAIN TONIQUE <\/strong>, (d\u00e9marrer bien la journ\u00e9e ).  <\/td>\n<td> <strong>  HE de C\u00e8dre de l\u2019Atlas  <\/strong>.   (Nom latine : <em> Cedrus atlantica)<\/em>. <\/td>\n<td> <strong>Mode d\u2019emploi<\/strong> : Diluez une dizaine de gouttes de C\u00e8dre de l\u2019Atlas dans une base neutre pour bain (une cuill\u00e8re \u00e0 soupe ou un bouchon), puis plongez le tout dans l&rsquo;eau du bain d\u00e9j\u00e0 coul\u00e9e.  Restez au moins 15 minutes dans le bain.  <\/td>\n<\/tr>\n<tr>\n<td> <strong>  BAIN TONIQUE <\/strong>, (pour vous remettre d&rsquo;aplomb).    <\/td>\n<td> <strong>   HE de Citron  <\/strong>    (nom latin : <em>  Citrus limonum  <\/em>)    <\/td>\n<td>  <strong>Mode d&#8217;emploi :<\/strong> 8 gouttes de HE de citron  dilu\u00e9e dans une base neutre ou d&rsquo;huile v\u00e9g\u00e9tale d&rsquo;amande (2 cuill\u00e8re \u00e0 soupe) (ou 4 gouttes dans 2 cuill\u00e8re \u00e0 soupe de miel liquide): puis plongez le tout dans l&rsquo;eau du bain d\u00e9j\u00e0 coul\u00e9e.   Irritation cutan\u00e9e possible.    <\/td>\n<\/tr>\n<tr>\n<td>  <strong>   BAIN TONIQUE <\/strong> (soulage les tensions musculaires et les raideurs articulaires ).  <\/td>\n<td>  <strong>   HE de Cypr\u00e8s  <\/strong>    (nom latin : <em>Cupressus Sempvirens<\/em>) .  <\/td>\n<td> <strong>Mode d\u2019emploi<\/strong> : 10 gouttes de HE de Cypr\u00e8s dans deux poign\u00e9es du gros sel gris, \u00e0 incorporer au bain.  <\/td>\n<\/tr>\n<tr>\n<td><strong> BAIN TONIQUE, ANTIDOULEURS, ANTI-FATIGUE<\/strong> (Pour calmer rhumatisme, arthrose et autres douleurs articulaires ou musculaires. Il vous redonne clart\u00e9 de l\u2019esprit et du peps \u00e9galement pour bien mener votre journ\u00e9e).    <\/td>\n<td>  <strong>   HE de l\u2019\u00e9pinette noire <\/strong>   (Nom latin :<em> Picea mariana<\/em>). <\/td>\n<td>  <strong>Mode d\u2019emploi<\/strong> : 12 \u00e0 15 gouttes d\u2019HE d\u2019\u00e9pinette noire, m\u00e9lang\u00e9es \u00e0 une base neutre et \u00e0 incorporer  \u00e0 l\u2019eau du bain.   <\/td>\n<\/tr>\n<tr>\n<td> <strong>  BAIN ANTI-RHUME, ANTI-VIRAL <\/strong>(nez bouch\u00e9, \u00e9puise).   <\/td>\n<td>   <strong>  HE d\u2019Eucalyptus Radiata   <\/strong>   (Nom latin : <em>d\u2019Eucalyptus Radiata<\/em>)  <\/td>\n<td>  <strong>Mode d\u2019emploi<\/strong> : 15 \u00e0 20 gouttes de HE Eucalyptus Radiata dans une base neutre : \u00e0 incorporer \u00e0 l&rsquo;eau du bain d\u00e9j\u00e0 coul\u00e9e.  Restez au moins 15 minutes dans le bain.   <\/td>\n<\/tr>\n<tr>\n<td><strong>BAIN DE PROFONDE D\u00c9TENTE, MUSCULAIRE   <\/strong> (contre les douleurs et les courbatures) . <\/td>\n<td>  <strong>   HE DE Gaulth\u00e9rie (Nom latin :  <em>Gaultheria procumbens)<\/em>. <\/strong>.  <\/td>\n<td>   <strong>Mode d\u2019emploi<\/strong> : 10 \u00e0 12 gouttes de HE gaulth\u00e9rie m\u00e9lang\u00e9es \u00e0 une base neutre : \u00e0 incorporer \u00e0 l&rsquo;eau du bain d\u00e9j\u00e0 coul\u00e9e.  Restez au moins 15 minutes dans le bain.     <\/td>\n<\/tr>\n<tr>\n<td><strong>BAIN DE D\u00c9TENTE <\/strong>, (Calme et s\u00e9r\u00e9nit\u00e9)  <\/td>\n<td> <strong>. HE de Lavande vraie  <\/strong>. (nom latin : <em>Lavandula angustifolia<\/em>). <\/td>\n<td> <strong>Mode d\u2019emploi<\/strong> : 20 \u00e0 30 gouttes de HE de lavande vraie dans une base neutre : \u00e0 incorporer \u00e0 l&rsquo;eau du bain d\u00e9j\u00e0 coul\u00e9e.  Restez au moins 15 minutes dans le bain.       <\/td>\n<\/tr>\n<tr>\n<td>  <strong> BAIN DE D\u00c9TENTE  <\/strong>  (l\u2019harmonie au corps et \u00e0 l\u2019esprit).    <\/td>\n<td> <strong>. HE d\u2019orange douce  <\/strong>.  (nom latin <em>Citrus sinensis L<\/em>)    <\/td>\n<td> <strong> Mode d\u2019emploi<\/strong> : 8 \u00e0  10 gouttes de HE d\u2019orange douce ajout\u00e9e \u00e0 une base neutre : \u00e0 incorporer \u00e0 l&rsquo;eau du bain d\u00e9j\u00e0 coul\u00e9e.  <\/td>\n<\/tr>\n<tr>\n<td> <strong> BAIN DE D\u00c9TENTE <\/strong>,(d\u00e9tendre les nerfs apr\u00e8s une journ\u00e9e surmen\u00e9e).     <\/td>\n<td> <strong>.  HE de Petit Grain bigarade <\/strong>.  (nom latin  <em>Citrus aurantium ssp. amara (fe<\/em>), ou Citrus var).  <\/td>\n<td> <strong>Mode d\u2019emploi <\/strong>: 12 \u00e0 15 gouttes de HE de Petit grain bigarade ajout\u00e9e \u00e0 une base neutre : \u00e0 incorporer \u00e0 l&rsquo;eau du bain d\u00e9j\u00e0 coul\u00e9e. <\/td>\n<\/tr>\n<tr>\n<td>     <strong>  BAIN DE D\u00c9TENTE <\/strong>, (recharger un corps et un esprit fatigu\u00e9s, recharge le psychisme cotonneux).   <\/td>\n<td>  <strong>   HE de Ravintsara <\/strong>.     (nom latin :<em>Cinnamomum camphora ct cin\u00e9ole<\/em>) <\/td>\n<td> <strong> Mode d\u2019emploi<\/strong> : 10 \u00e0 15 gouttes de HE de Ravintsara ajout\u00e9e \u00e0 une base neutre : \u00e0 incorporer \u00e0 l&rsquo;eau du bain d\u00e9j\u00e0 coul\u00e9e.     <\/td>\n<\/tr>\n<tr>\n<td>    <strong>   BAIN DE D\u00c9TENTE  <\/strong> (relaxation et d\u00e9tente profonde, articulaire et musculaire).  <\/td>\n<td>  <strong>    HE de Verveine Citronn\u00e9e  <\/strong>.     (nom latin: <em>Aloysia citriodora <\/em>-anciennement <em>Lippia citriodora<\/em>)  <\/td>\n<td> <strong>Mode d\u2019emploi<\/strong> : 15 \u00e0 20 gouttes de HE de Verveine Citronn\u00e9e   ajout\u00e9e \u00e0 une base neutre : \u00e0 incorporer \u00e0 l\u2019eau du bain.       <\/td>\n<\/tr>\n<tr>\n<td>   <strong>   BAIN DE D\u00c9TENTE   <\/strong>.  (bain r\u00e9parateur). <\/td>\n<td>  <strong>    HE d\u2019Ylang-ylang <\/strong>,  (nom latin:  <em>Cananga odorata totum<\/em>)    <\/td>\n<td>  <strong>Mode d\u2019emploi<\/strong> : 4 \u00e0 7 gouttes de HE d\u2019Ylang-ylang  dilu\u00e9e dans une base neutre : \u00e0 incorporer \u00e0 l\u2019eau du bain.       <\/td>\n<\/tr>\n<tr>\n<td><strong>   <\/strong>     <\/td>\n<td> <strong>  <\/strong>   <\/td>\n<td>  <strong>  <\/strong>     <\/td>\n<\/tr>\n<\/tbody>\n<\/table>\n<p><strong> <\/strong>   <\/p>\n","protected":false},"excerpt":{"rendered":"<p>N&rsquo;OUBLIEZ PAS DE LIRE R\u00c8GLES D&rsquo;OR AVANT DE L&rsquo;UTILISER LES HUILES ESSENTIELLES (HE) UNE BASE NEUTRE POUR LE BAIN Il s&rsquo;agit d&rsquo;un produit neutre, permettant une parfaite dilution de l&rsquo;huile essentielle dans l&rsquo;eau du bain, disponible en boutique d&rsquo;aromath\u00e9rapie ainsi que dans les pharmacies qui vendent des huiles essentielles. La plupart des bases pour bain [&hellip;]<\/p>\n","protected":false},"author":1,"featured_media":0,"parent":7494,"menu_order":4,"comment_status":"closed","ping_status":"closed","template":"","meta":{"_monsterinsights_skip_tracking":false,"_monsterinsights_sitenote_active":false,"_monsterinsights_sitenote_note":"","_monsterinsights_sitenote_category":0,"slim_seo":{"title":"LES HUILES ESSENTIELLES: POUR LE BAIN (une HE \u00e0 la fois) - Holistic Attitude","description":"N'OUBLIEZ PAS DE LIRE R\u00c8GLES D'OR AVANT DE L'UTILISER LES HUILES ESSENTIELLES (HE) Bain aux huiles essentielles UNE BASE NEUTRE POUR LE BAIN Il s'agit d' un pro"},"footnotes":""},"class_list":["post-15460","page","type-page","status-publish","hentry"],"_links":{"self":[{"href":"https:\/\/www.holisticattitude.com\/wp-json\/wp\/v2\/pages\/15460","targetHints":{"allow":["GET"]}}],"collection":[{"href":"https:\/\/www.holisticattitude.com\/wp-json\/wp\/v2\/pages"}],"about":[{"href":"https:\/\/www.holisticattitude.com\/wp-json\/wp\/v2\/types\/page"}],"author":[{"embeddable":true,"href":"https:\/\/www.holisticattitude.com\/wp-json\/wp\/v2\/users\/1"}],"replies":[{"embeddable":true,"href":"https:\/\/www.holisticattitude.com\/wp-json\/wp\/v2\/comments?post=15460"}],"version-history":[{"count":10,"href":"https:\/\/www.holisticattitude.com\/wp-json\/wp\/v2\/pages\/15460\/revisions"}],"predecessor-version":[{"id":16559,"href":"https:\/\/www.holisticattitude.com\/wp-json\/wp\/v2\/pages\/15460\/revisions\/16559"}],"up":[{"embeddable":true,"href":"https:\/\/www.holisticattitude.com\/wp-json\/wp\/v2\/pages\/7494"}],"wp:attachment":[{"href":"https:\/\/www.holisticattitude.com\/wp-json\/wp\/v2\/media?parent=15460"}],"curies":[{"name":"wp","href":"https:\/\/api.w.org\/{rel}","templated":true}]}}