{"id":15204,"date":"2020-03-29T16:06:10","date_gmt":"2020-03-29T14:06:10","guid":{"rendered":"http:\/\/www.holisticattitude.com\/?page_id=15204"},"modified":"2020-03-29T16:14:33","modified_gmt":"2020-03-29T14:14:33","slug":"mon-moi-superieur","status":"publish","type":"page","link":"https:\/\/www.holisticattitude.com\/?page_id=15204","title":{"rendered":"MON MOI SUP\u00c9RIEUR"},"content":{"rendered":"<div id=\"attachment_15206\" style=\"width: 240px\" class=\"wp-caption aligncenter\"><img loading=\"lazy\" decoding=\"async\" aria-describedby=\"caption-attachment-15206\" src=\"https:\/\/www.holisticattitude.com\/wp-content\/uploads\/\/moisup\u00e9rieur.png\" alt=\"\" width=\"230\" height=\"175\" class=\"size-full wp-image-15206\" \/><p id=\"caption-attachment-15206\" class=\"wp-caption-text\">L&rsquo;ombre ou la lumi\u00e8re<\/p><\/div>\n<li> Je crois que quoi qu\u2019il advienne dans ma vie est pour mon plus grand bien.<\/li>\n<li>Je crois que quoi qu\u2019il advienne dans la vie de ceux que j\u2019aime est pour leur bien, aussi difficile que cela puisse para\u00eetre.  <\/li>\n<li> Je suis reconnaissant pour toutes les \u00e9preuves dans ma vie qui me rendent plus fort et plus aimant.  <\/li>\n<li> Je suis reconnaissant pour toute la beaut\u00e9 et toutes les occasions que la vie m\u2019offre.  <\/li>\n<li> Je serai un \u00e9missaire de l&rsquo;amour dans tout ce que j&rsquo;entreprends dans ma vie.  <\/li>\n<div id=\"attachment_15207\" style=\"width: 220px\" class=\"wp-caption aligncenter\"><img loading=\"lazy\" decoding=\"async\" aria-describedby=\"caption-attachment-15207\" src=\"https:\/\/www.holisticattitude.com\/wp-content\/uploads\/\/papillons.png\" alt=\"\" width=\"210\" height=\"164\" class=\"size-full wp-image-15207\" \/><p id=\"caption-attachment-15207\" class=\"wp-caption-text\">Les papillons qui papillonnent.<\/p><\/div>\n<li>  Quand je m\u2019identifie \u00e0 mon moi Inf\u00e9rieur j\u2019ai <strong>peur<\/strong>.  <\/li>\n<li>Quand je m\u2019identifie \u00e0 mon moi Sup\u00e9rieur je sais que \u00ab quoi qu\u2019il advienne <strong>je ferai face. <\/strong>\u00bb <\/li>\n<li>Quand je m\u2019identifie \u00e0 mon Inf\u00e9rieur je ressens <strong>un manque.<\/strong> <\/li>\n<li>Quand je m\u2019identifie \u00e0 mon moi Sup\u00e9rieur je vois <strong>l\u2019abondance<\/strong> partout. <\/li>\n<li> Quand je m\u2019identifie \u00e0 mon moi Inf\u00e9rieur je ressens <strong>le vide. <\/strong><\/li>\n<li>Quand je m\u2019identifie \u00e0 mon moi Sup\u00e9rieur je me sens <strong>\u00e9panouie<\/strong>. <\/li>\n<li> Quand je m\u2019identifie \u00e0 mon moi Inf\u00e9rieur j\u2019ai des pens\u00e9es <strong>n\u00e9fastes<\/strong>. <\/li>\n<li> Quand je m\u2019identifie \u00e0 mon moi Sup\u00e9rieur je ne vois que du<strong> positif.<\/strong><\/li>\n<li>  Quand je m\u2019identifie \u00e0 mon moi Inf\u00e9rieur je prononce des mots <strong>d\u00e9nu\u00e9s d\u2019affection<\/strong> <\/li>\n<li> Quand je m\u2019identifie \u00e0 mon moi Sup\u00e9rieur je prononce <strong>des mots avec bienveillance.<\/strong> <\/li>\n<p><\/Br><\/p>\n<p>                                           Susan Jeffers  (3 mars 1938 \u2013 27 octobre 2012)  psychologue am\u00e9ricaine<\/p>\n","protected":false},"excerpt":{"rendered":"<p>Je crois que quoi qu\u2019il advienne dans ma vie est pour mon plus grand bien. Je crois que quoi qu\u2019il advienne dans la vie de ceux que j\u2019aime est pour leur bien, aussi difficile que cela puisse para\u00eetre. Je suis reconnaissant pour toutes les \u00e9preuves dans ma vie qui me rendent plus fort et plus [&hellip;]<\/p>\n","protected":false},"author":1,"featured_media":0,"parent":784,"menu_order":5,"comment_status":"closed","ping_status":"closed","template":"","meta":{"_monsterinsights_skip_tracking":false,"_monsterinsights_sitenote_active":false,"_monsterinsights_sitenote_note":"","_monsterinsights_sitenote_category":0,"slim_seo":{"title":"MON MOI SUP\u00c9RIEUR - Holistic Attitude","description":"L'ombre ou la lumi\u00e8re Je crois que quoi qu\u2019il advienne dans ma vie est pour mon plus grand bien. Je crois que quoi qu\u2019il advienne dans la vie de ceux que j\u2019aime"},"footnotes":""},"class_list":["post-15204","page","type-page","status-publish","hentry"],"_links":{"self":[{"href":"https:\/\/www.holisticattitude.com\/index.php?rest_route=\/wp\/v2\/pages\/15204","targetHints":{"allow":["GET"]}}],"collection":[{"href":"https:\/\/www.holisticattitude.com\/index.php?rest_route=\/wp\/v2\/pages"}],"about":[{"href":"https:\/\/www.holisticattitude.com\/index.php?rest_route=\/wp\/v2\/types\/page"}],"author":[{"embeddable":true,"href":"https:\/\/www.holisticattitude.com\/index.php?rest_route=\/wp\/v2\/users\/1"}],"replies":[{"embeddable":true,"href":"https:\/\/www.holisticattitude.com\/index.php?rest_route=%2Fwp%2Fv2%2Fcomments&post=15204"}],"version-history":[{"count":7,"href":"https:\/\/www.holisticattitude.com\/index.php?rest_route=\/wp\/v2\/pages\/15204\/revisions"}],"predecessor-version":[{"id":15213,"href":"https:\/\/www.holisticattitude.com\/index.php?rest_route=\/wp\/v2\/pages\/15204\/revisions\/15213"}],"up":[{"embeddable":true,"href":"https:\/\/www.holisticattitude.com\/index.php?rest_route=\/wp\/v2\/pages\/784"}],"wp:attachment":[{"href":"https:\/\/www.holisticattitude.com\/index.php?rest_route=%2Fwp%2Fv2%2Fmedia&parent=15204"}],"curies":[{"name":"wp","href":"https:\/\/api.w.org\/{rel}","templated":true}]}}