{"id":13743,"date":"2018-08-24T21:03:35","date_gmt":"2018-08-24T19:03:35","guid":{"rendered":"https:\/\/www.holisticattitude.com\/?page_id=13743"},"modified":"2021-01-02T19:01:31","modified_gmt":"2021-01-02T17:01:31","slug":"phases-de-la-lune","status":"publish","type":"page","link":"https:\/\/www.holisticattitude.com\/energie\/phases-de-la-lune\/","title":{"rendered":"PHASES DE LA LUNE"},"content":{"rendered":"<p><strong>COMPRENDRE LE CYCLE LUNAIRE<\/strong><br \/>\nEn moyenne le nombre de jours entre deux nouvelles lunes <strong>est 29 jours 12 heures 44 minutes 2,9 secondes soit 29,53 jours. Le cycle lunaire s&rsquo;effectue en <strong>huit phases<\/strong> et la nouvelle lune marque le jour z\u00e9ro du cycle<\/strong><\/p>\n<li>La <strong>JEUNE <\/strong>lune est la <strong>premi\u00e8re<\/strong> phase du cycle lunaire qui commence \u00e0 partir de la <strong>NOUVELLE<\/strong> lune. Elle symbolise le <strong>RENOUVEAU<\/strong> et va se poursuivre jusqu&rsquo;\u00e0 la <strong>PLEINE <\/strong>lune. La <strong>VIEILLE<\/strong> lune repr\u00e9sente la deuxi\u00e8me phase du cycle. Une p\u00e9riode qui nous invite \u00e0 l&rsquo;introspection, au retour sur soi et qui s&rsquo;ach\u00e8vera avec la <strong>NOUVELLE<\/strong> lune<\/li>\n<li>On ne voit pas la <strong>nouvelle lune<\/strong>(jour <strong>z\u00e9ro<\/strong> du cycle) parce qu&rsquo;elle ne peut pas recevoir la lumi\u00e8re du soleil.<\/li>\n<li>La lune grossit de plus en plus jusqu&rsquo;\u00e0 devenir pleine, c&rsquo;est \u00e0 dire enti\u00e8rement \u00e9clair\u00e9e.<\/li>\n<li>Apr\u00e8s deux ou trois jours, nous pouvons voir des parties de la lune.<br \/>\ncette phase s&rsquo;appelle le <strong>premier croissant <\/strong>,(jour<strong> 1<\/strong> du cycle). En anglais cette phase s&rsquo;appelle <strong>waxing<\/strong> crescent.<\/li>\n<li>Comme la lune <strong>gagne de la lumi\u00e8re<\/strong>, nous utilisons le terme <strong>waxing<\/strong>.<\/li>\n<li>Environ une semaine apr\u00e8s la <strong>nouvelle lune<\/strong>, nous pouvons voir la moiti\u00e9 de la lune. Cela s&rsquo;appelle le <strong>premier quartier<\/strong>(jour <strong>2<\/strong> du cycle)<\/li>\n<li>Deux ou trois jours apr\u00e8s le premier quartier, plus de la moiti\u00e9 de la lune est visible. Cette phase s&rsquo;appelle <strong>la phase gibbeuse croissante<\/strong> (ascendante)(jour<strong> 3<\/strong> du cycle)<\/li>\n<li>Environ deux semaines apr\u00e8s la nouvelle lune, nous pouvons voir la<strong> pleine lune,<\/strong> (jour <strong>4<\/strong> du cycle)C&rsquo;est parce que la face de la lune qui fait face \u00e0 la terre re\u00e7oit la lumi\u00e8re du soleil<\/li>\n<li>Maintenant, la lune commence son voyage de retour de la pleine lune \u00e0 la nouvelle lune.<\/li>\n<li>Comme la lune est en train de <strong>perdre de la lumi\u00e8re du soleil<\/strong>, nous utilisons le terme de<strong> lune gibbeuse d\u00e9croissante <\/strong> ou waning moon en anglais (jour <strong>5<\/strong> du cycle). La lune est descendante.  <\/li>\n<li> Le <strong>dernier quartier (jour <strong>6<\/strong> du cycle)<\/strong> et enfin le <strong>dernier croissant<\/strong>, (jour <strong>7<\/strong> du cycle) puis \u00e0 nouveau la nouvelle Lune, (le jour <strong>z\u00e9ro<\/strong> du cycle) o\u00f9 la lune revient entre la terre et le soleil.<\/li>\n<li> <strong>Lune montante ou descendante? <\/strong> Les termes le lune croissante, montante ou ascendante correspondent aux phases lunaires de la NOUVELLE LUNE \u00e0 la PLEINE LUNE. \u00e0 l&rsquo;inverse, les termes la lune d\u00e9croissante ou descendante correspondent aux phases lunaires de la PLEINE LUNE \u00e0 la NOUVELLE LUNE  <\/li>\n<div id=\"attachment_15218\" style=\"width: 310px\" class=\"wp-caption aligncenter\"><img loading=\"lazy\" decoding=\"async\" aria-describedby=\"caption-attachment-15218\" src=\"https:\/\/www.holisticattitude.com\/wp-content\/uploads\/\/phasesdelalune-300x252.png\" alt=\"\" width=\"300\" height=\"252\" class=\"size-medium wp-image-15218\" srcset=\"https:\/\/www.holisticattitude.com\/wp-content\/uploads\/phasesdelalune-300x252.png 300w, https:\/\/www.holisticattitude.com\/wp-content\/uploads\/phasesdelalune.png 350w\" sizes=\"auto, (max-width: 300px) 100vw, 300px\" \/><p id=\"caption-attachment-15218\" class=\"wp-caption-text\">Les phases de la lune<\/p><\/div>\n<table border=\"1\">\n<tbody>\n<tr>\n<td width=\"60%\">\n<li><strong>PHASES DE LA LUNE<\/strong><\/li>\n<\/td>\n<td>\n<li><strong>CONSEIL<\/strong><\/li>\n<\/td>\n<\/tr>\n<tr>\n<td><strong>0. NOUVELLE LUNE<\/strong> (new moon en anglais).Elle marque le <strong>d\u00e9part<\/strong>, <strong>le commencement d&rsquo;un nouveau cycle<\/strong> lunaire et personnel. Elle nous donne une page blanche, un nouveau d\u00e9part.   <\/p>\n<li style=\"list-style-type: none\">\n<\/li>\n<div id=\"attachment_10947\" style=\"width: 118px\" class=\"wp-caption aligncenter\"><img loading=\"lazy\" decoding=\"async\" aria-describedby=\"caption-attachment-10947\" src=\"https:\/\/www.holisticattitude.com\/wp-content\/uploads\/\/Nouvellelune.jpg\" alt=\"\" width=\"108\" height=\"158\" class=\"size-full wp-image-10947\" \/><p id=\"caption-attachment-10947\" class=\"wp-caption-text\">Nouvelle lune<\/p><\/div>\n<\/td>\n<td>\n<li>Le moment de poser votre \u00ab\u00a0BONNE INTENTION\u00a0\u00bb, de semer la graine d&rsquo;une intention d&rsquo;une affirmation, de planifier un nouveau projet, de se recentrer sur soi peut-\u00eatre afin de vivre vos r\u00eaves. Soyez bien concentr\u00e9\/attentif et r\u00e9p\u00e9tez-les affirmations mentalement plusieurs fois d&rsquo;affili\u00e9es \u00e0 haute voix avec de la conviction. Vous pouvez \u00e9galement les dessiner ou les \u00e9crire. <strong>LIRE<\/strong> vos intentions \u00e0 haute voix permettra \u00e9galement d&rsquo;amplifier leurs <strong>pouvoirs r\u00e9alisateurs.<\/strong><\/li>\n<li>Travaillez avec une INTENTION \u00e0 la fois. La nouvelle lune est symbolique du <strong>commencement,<\/strong> d&rsquo;une nouvelle carri\u00e8re, d&rsquo;une nouvelle relation sentimentale, d&rsquo;un nouveau&#8230;. \u00ab\u00a0Si tu peux le r\u00eaver, tu peux le faire\u00a0\u00bb (Walt Disney). <\/li>\n<\/td>\n<\/tr>\n<tr>\n<td><strong> 1. LE PREMIER CROISSANT  <\/strong> : une phase pour devenir <strong>l&rsquo;interpr\u00e8te, l&rsquo;explorateur de vos r\u00eaves. <\/strong><\/p>\n<li style=\"list-style-type: none\">\n<li> Cette phase se situe au milieu du <strong>3e<\/strong> jour et s&rsquo;\u00e9tend jusqu&rsquo;au <strong>7e<\/strong> jour apr\u00e8s la nouvelle lune.<\/li>\n<li>La phase de la lune est lune croissante, ascendante et lune montante) <\/li>\n<div id=\"attachment_13723\" style=\"width: 97px\" class=\"wp-caption aligncenter\"><img loading=\"lazy\" decoding=\"async\" aria-describedby=\"caption-attachment-13723\" class=\"size-full wp-image-13723\" src=\"https:\/\/www.holisticattitude.com\/wp-content\/uploads\/\/premier-croissant.png\" alt=\"\" width=\"87\" height=\"143\" \/><p id=\"caption-attachment-13723\" class=\"wp-caption-text\">Lune croissante-waxing cresent.<\/p><\/div>\n<p>Regardez <strong>le c\u00f4t\u00e9 droit<\/strong> de la lune . Ce c\u00f4t\u00e9 devrait appara\u00eetre rond et lisse. Le c\u00f4t\u00e9 gauche sera une forme de croissant qui est un peu rugueux, comme s&rsquo;il s&rsquo;est transform\u00e9 en une forme <strong>ovale, <\/strong> juste comme la lettre <strong>\u00abD\u00bb <\/strong>. <\/td>\n<td>\n<li>La phase o\u00f9 le projet prend <strong>racines <\/strong><\/li>\n<li>Soyez ouvert \u00e0 des NOUVELLES id\u00e9es,  observez autour de vous les signes que la vie vous envoie.<\/li>\n<li>Une occasion pour prendre des INITIATIVES <\/li>\n<li>Une occasion pour vous placer pr\u00e8s d&rsquo;un POINT d&rsquo;EAU.<\/li>\n<li>Une phase ou on peut prendre la foi, sentez une baisse d&rsquo;\u00e9nergie ou avoir peur facilement. II est importer de <strong>garder le cap<\/strong> \u00ab\u00a0navire en vue\u00a0\u00bb.<\/li>\n<li>Une phase qui fait appel \u00e0 votre <strong>courage<\/strong>. Restez concentr\u00e9s sur vos intentions, tenter d&rsquo;imaginer, de visualiser vos objectifs. La visualisation vous aidera \u00e0 manifester votre d\u00e9sir. Surtout ne vous d\u00e9couragez pas.<\/li>\n<\/td>\n<\/tr>\n<tr>\n<td>\n<li style=\"list-style-type: none\">\n<strong>2. LE PREMIER QUARTIER<\/strong>  <strong>une phase pour s&rsquo;impliquer. <\/strong><\/p>\n<li>La lune forme un angle de 90\u00b0 avec le soleil sous forme de demi-cercle.<\/li>\n<li> Cette phase se situe du <strong>7e<\/strong> jour au milieu du <strong>10e<\/strong> jour apr\u00e8s la nouvelle lune.  <\/li>\n<\/li>\n<p><div id=\"attachment_13724\" style=\"width: 87px\" class=\"wp-caption aligncenter\"><img loading=\"lazy\" decoding=\"async\" aria-describedby=\"caption-attachment-13724\" class=\"size-full wp-image-13724\" src=\"https:\/\/www.holisticattitude.com\/wp-content\/uploads\/\/premier-quartier.png\" alt=\"\" width=\"77\" height=\"129\" \/><p id=\"caption-attachment-13724\" class=\"wp-caption-text\">Lune croissante-first quarter<\/p><\/div><\/td>\n<td>\n<li>Le moment est venu pour <strong> s&rsquo;engager<\/strong> afin de r\u00e9aliser vos r\u00eaves.  <\/li>\n<li>  Les energies sont puissantes, initiatrices, id\u00e9ales pour prendre des <strong>d\u00e9cisions<\/strong> et mener des actions concretes.<\/li>\n<li>Une phase <strong>exigeante<\/strong>, parfois \u00e9prouvante sur le plan moral. Souvent des <strong>doutes <\/strong>apparaissent. Attention, parfois le mental peut vous jouer des tours, votre <strong>ego <\/strong>aura peut-\u00eatre envie de prendre le dessus, \u00ab\u00a0pour qui vous prenez-vous\u00a0\u00bb ?<\/li>\n<li>Vieillir \u00e0 ce que vos aspirations soient toujours <strong>en coh\u00e9rence<\/strong> avec vos valeurs. <\/li>\n<\/td>\n<\/tr>\n<tr>\n<td>\n<li style=\"list-style-type: none\">\n<p> 3. <strong>LA LUNE GIBBEUSE CROISSANTE:<\/strong> vieillir \u00e0 <strong>rester sur votre chemin<\/strong> quoi qu&rsquo;il arrive.   Votre mantra du jour, \u00ab\u00a0rien ne m&rsquo;arr\u00eatera\u00a0\u00bb.<\/p>\n<li>(waxing gibbous en anglais) <\/li>\n<li> Cette phase se situe du milieu du <strong>10e<\/strong> au<strong> 15e<\/strong> jour du cycle lunaire. <\/li>\n<p><div id=\"attachment_13736\" style=\"width: 69px\" class=\"wp-caption aligncenter\"><img loading=\"lazy\" decoding=\"async\" aria-describedby=\"caption-attachment-13736\" class=\"size-full wp-image-13736\" src=\"https:\/\/www.holisticattitude.com\/wp-content\/uploads\/\/lune-gibbeuse.png\" alt=\"\" width=\"59\" height=\"63\" \/><p id=\"caption-attachment-13736\" class=\"wp-caption-text\">Lune gibbeuse- waxing gibbous.<\/p><\/div><\/td>\n<td>\n<li> Un temps pour vous questionner, affiner vos objectifs. Quelques r\u00e9glages, ajustements ou pr\u00e9cisions seraient-ils n\u00e9cessaires? Si oui, vite sortez la <strong>clefs \u00e0 molette<\/strong> \ud83d\ude42 ?<\/li>\n<li> Une p\u00e9riode favorable pour reprendre les t\u00e2ches que vous avez n\u00e9glig\u00e9es par faute de temps. La reprise de ces routines pourrait vous aider \u00e0 vous ancrer pendant cette p\u00e9riode agit\u00e9e, fragile. <\/li>\n<li> Pers\u00e9v\u00e9rez et soyez patient. <\/li>\n<\/td>\n<\/tr>\n<tr>\n<td>\n<strong>4. LA PLEINE LUNE<\/strong> (full moon en anglais) <strong>une culmination des \u00e9nergies. <\/strong><\/p>\n<li>Le soleil et la lune sont oppos\u00e9s dans le ciel soit \u00e0 180\u00b0. Elle appara\u00eet rond dans le ciel.  <\/li>\n<li>Elle se situe entre le <strong>15e<\/strong> et le milieu du <strong>18e <\/strong>jour dans le cycle lunaire. <\/li>\n<p><div id=\"attachment_10948\" style=\"width: 120px\" class=\"wp-caption aligncenter\"><a href=\"https:\/\/www.holisticattitude.com\/wp-content\/uploads\/\/pleinelune.jpg\"><img loading=\"lazy\" decoding=\"async\" aria-describedby=\"caption-attachment-10948\" class=\"size-thumbnail wp-image-10948\" src=\"https:\/\/www.holisticattitude.com\/wp-content\/uploads\/\/pleinelune-110x150.jpg\" alt=\"La pleine lune\" width=\"110\" height=\"150\" \/><\/a><p id=\"caption-attachment-10948\" class=\"wp-caption-text\">La pleine lune-full moon<\/p><\/div><\/li>\n<\/td>\n<td>\n<li>LA PLEINE LUNE est symbole des r\u00e9sultats ou m\u00eame le contraire, l&rsquo;absence d&rsquo;attentes.   <\/li>\n<li>Une <strong>pleine lune<\/strong> est puissante et vous pourriez ressentir les <strong>\u00e9nergies intenses<\/strong>. Vous pouvez sentir tr\u00e8s <strong>\u00e9motif<\/strong>. Pendant la pleine lune l&rsquo;\u00e9motivit\u00e9 et la vitalit\u00e9 sont exacerb\u00e9es. Sachez garder votre<strong> sang froid<\/strong> car une fois <strong>la pleine lune pass\u00e9e <\/strong>vous verrez que la situation se calmera d&rsquo;elle m\u00eame.<\/li>\n<li>Un <strong> fin de cycle<\/strong>, favorable pour r\u00e9colter ce que <strong>vous avez sem\u00e9 <\/strong>que ce soit positif ou pas, le moment pour les r\u00e9compenses, r\u00e9colter vos v\u0153ux et faire le bilan.<\/li>\n<li>Un moment propice pour <strong>cl\u00f4turer<\/strong> quelque chose dans le but de commencer autre chose alors de la nouvelle lune, un<strong> nouveau d\u00e9part<\/strong>. <\/li>\n<li>Une p\u00e9riode pour tirer des le\u00e7ons de vos erreurs, de surmonter vos \u00e9checs, de vos frustrations.   <\/li>\n<li>Une p\u00e9riode favorable pour montrer votre gratitude, de m\u00e9diter sur les deux derni\u00e8res semaines, un temps propice \u00e0 une <strong>connexion spirituelle<\/strong>.  <\/li>\n<\/td>\n<\/tr>\n<tr>\n<td>\n<li style=\"list-style-type: none\">\n<strong> 5. LA LUNE GIBBEUSE DECROISSANTE OU LA \u00ab\u00a0LUNE DISS\u00c9MINATRICE <\/strong> ou la <strong>VIEILLE LUNE<\/strong> aussi connus sous le terme <strong>\u00ab\u00a0la lueur p\u00e2le.\u00a0\u00bb<\/strong>  <\/p>\n<li>Le moment pour se d\u00e9tendre, respirer.<\/li>\n<li> (waning gibbous en anglais) <\/li>\n<li> Elle se situe du milieu du <strong>3e<\/strong> jour au <strong>7e<\/strong> jour apr\u00e8s la pleine lune.  <\/li>\n<div id=\"attachment_11029\" style=\"width: 152px\" class=\"wp-caption aligncenter\"><a href=\"https:\/\/www.holisticattitude.com\/wp-content\/uploads\/\/La-vieille-lune-dans-le-bras-de-la-nouvelle-lune.png\"><img loading=\"lazy\" decoding=\"async\" aria-describedby=\"caption-attachment-11029\" class=\"size-full wp-image-11029\" src=\"https:\/\/www.holisticattitude.com\/wp-content\/uploads\/\/La-vieille-lune-dans-le-bras-de-la-nouvelle-lune.png\" alt=\"La vieille lune ou la lueur p\u00e2le\" width=\"142\" height=\"132\" \/><\/a><p id=\"caption-attachment-11029\" class=\"wp-caption-text\">La vieille lune ou la lueur p\u00e2le<\/p><\/div>\n<p><div id=\"attachment_13729\" style=\"width: 89px\" class=\"wp-caption aligncenter\"><img loading=\"lazy\" decoding=\"async\" aria-describedby=\"caption-attachment-13729\" class=\"size-full wp-image-13729\" src=\"https:\/\/www.holisticattitude.com\/wp-content\/uploads\/\/lune-diss\u00e9minatrice_decroissante.png\" alt=\"\" width=\"79\" height=\"130\" \/><p id=\"caption-attachment-13729\" class=\"wp-caption-text\">Lune diss\u00e9minatrice -gibbeuse d\u00e9croissante- waning gibbous.<\/p><\/div><\/td>\n<td>\n<li><strong>Reposez-vous,<\/strong> acceptez votre r\u00e9alit\u00e9 m\u00eame s&rsquo;il ne correspond pas \u00e0 vos r\u00eaves, recentrez-vous.  <\/li>\n<li> Soyez philosophe par rapport aux \u00e9v\u00e9nements pass\u00e9s.\n<li> La <strong>gibbeuse d\u00e9croissante<\/strong> est une phase de deconstruction, elle est propice aux rites de d\u00e9tachement pour certains<\/li>\n<li> CONSEIL: La LUNE DISS\u00c9MINATRICE- c&rsquo;est la premi\u00e8re \u00e9tape de la phase d\u00e9croissante du cycle lunaire.<\/li>\n<li> L&rsquo;ouverture de l&rsquo;esprit est favoris\u00e9, une p\u00e9riode favorable pour vous r\u00e9concilier avec un proche, faire la paix avec vos ennemis, r\u00e9parer des erreurs commises par le pass\u00e9 ou remettre le compteurs \u00e0 z\u00e9ro.  <\/li>\n<li>La lune commence son chemin inverse, faites preuve de l\u00e2cher prise, observer ce qui se passe en vous, faites de la m\u00e9ditation  <\/li>\n<li>\u00c9vitez tout jugement, action h\u00e2tive.  <\/li>\n<\/td>\n<\/tr>\n<tr>\n<td>\n<li style=\"list-style-type: none\">\n <strong>6. LE DERNIER QUARTIER DE LA LUNE <\/strong> phase propice<strong> \u00c0 LA R\u00c9FLEXION<\/strong>\n<\/li>\n<div id=\"attachment_13727\" style=\"width: 84px\" class=\"wp-caption aligncenter\"><img loading=\"lazy\" decoding=\"async\" aria-describedby=\"caption-attachment-13727\" class=\"size-full wp-image-13727\" src=\"https:\/\/www.holisticattitude.com\/wp-content\/uploads\/\/dernier-quartier.png\" alt=\"\" width=\"74\" height=\"129\" \/><p id=\"caption-attachment-13727\" class=\"wp-caption-text\">Lune d\u00e9croissante &#8211; last quarter.<\/p><\/div>\n<li> Phase de la lune :lune D\u00c9CROISSANTE, lune DESCENDANTE.  <\/li>\n<li> Cette phase se situe du 7e jour au milieu du 10e jour apr\u00e8s la pleine lune. <\/li>\n<\/td>\n<td>\n<li>Une phase de <strong>deconstruction<\/strong>. <\/li>\n<li> La remise en question, une p\u00e9riode de prise de conscience, de r\u00e9\u00e9valuation et d&rsquo;introspection. Ne vous laissez pas d\u00e9courager. Restez confiant (e). <\/li>\n<li> Vous pouvez ressentir des conflits internes, soyez \u00e0 leurs \u00e9coutes. <\/li>\n<li>Une p\u00e9riode favorable pour rompre avec le pass\u00e9, d&rsquo;abandonner, de pardonner, de l\u00e2cher prise d&rsquo;une situation toxique et n\u00e9faste.<\/li>\n<li>Une p\u00e9riode favorable pour <strong>d\u00e9faire<\/strong> des sch\u00e9mas r\u00e9p\u00e9titifs\/n\u00e9fastes. <\/li>\n<li>Une p\u00e9riode favorable pour travailler sur des mauvaises pens\u00e9es\/les croyances limitantes, les comportements malsains, les addictions.<\/li>\n<\/td>\n<\/tr>\n<tr>\n<td>\n<li style=\"list-style-type: none\">\n <strong> 7. LA LUNE BALSAMIQUE<\/strong> (le dernier croissant) le terme <strong>\u00ab\u00a0balsam d\u00e9signe tout ce qui est apaisant et gu\u00e9risseur\u00a0\u00bb.<\/strong>   <\/li>\n<li> Cette phase se situe du <strong>10e<\/strong> jour apr\u00e8s la pleine lune jusqu&rsquo;\u00e0 la nouvelle lune  <\/li>\n<li>C&rsquo;est la lune d\u00e9croissante, une phase de la lune, le dernier croissant juste avant la nouvelle lune. L&rsquo;expression &lsquo;<strong>la lune en d\u00e9clin<\/strong>\u00a0\u00bb signifie la m\u00eame chose.<\/li>\n<li style=\"list-style-type: none\">\n<li style=\"list-style-type: none\">\n<\/li>\n<\/li>\n<div id=\"attachment_13735\" style=\"width: 61px\" class=\"wp-caption aligncenter\"><img loading=\"lazy\" decoding=\"async\" aria-describedby=\"caption-attachment-13735\" class=\"size-full wp-image-13735\" src=\"https:\/\/www.holisticattitude.com\/wp-content\/uploads\/\/lune-balsamique.png\" alt=\"\" width=\"51\" height=\"75\" \/><p id=\"caption-attachment-13735\" class=\"wp-caption-text\">Lune balsamique waning crescent.<\/p><\/div>\n<li style=\"list-style-type: none;\">\n<li>Regardez le c\u00f4t\u00e9 DROIT , qui sera ronde et c\u00f4t\u00e9 lisse. Le c\u00f4t\u00e9 GAUCHE devrait appara\u00eetre floue et rugueuse, comme la lettre <strong> \u00ab\u00a0C\u00a0\u00bb.<\/strong><\/li>\n<\/li>\n<\/td>\n<td>\n<li>Cette p\u00e9riode sera favorable au calme et \u00e0 la tranquillit\u00e9, un retour vers soi.<\/li>\n<li> Une phase pour l\u00e2cher prise et accepter votre r\u00e9alit\u00e9 telle qu&rsquo;elle. Vous connaissez la pri\u00e8re de s\u00e9r\u00e9nit\u00e9 \u00ab\u00a0<em>donnez-moi la s\u00e9r\u00e9nit\u00e9 d&rsquo;accepter les choses que je ne peux changer, le courage de changer les choses que je peux, et la sagesse d&rsquo;en conna\u00eetre la diff\u00e9rence<\/em>\u00ab\u00a0. Cela pourrait vous \u00eatre utile. <\/li>\n<li>Une p\u00e9riode favorable pour archiver, rattraper un retard, se relaxer<\/li>\n<li> Une p\u00e9riode favorable pour pratiquer des activit\u00e9s demandant de la patience ou de la concentration.<\/li>\n<li> Une p\u00e9riode favorable \u00e0 la douceur, la r\u00e9silience et la gu\u00e9rison. <\/li>\n<li>Une p\u00e9riode propice \u00e0 r\u00eaver, \u00e0 vous laisser porter par vos inspirations et vos envies afin le nouveau cycle lunaire.  <\/li>\n<\/td>\n<\/tr>\n<\/tbody>\n<\/table>\n","protected":false},"excerpt":{"rendered":"<p>COMPRENDRE LE CYCLE LUNAIRE En moyenne le nombre de jours entre deux nouvelles lunes est 29 jours 12 heures 44 minutes 2,9 secondes soit 29,53 jours. Le cycle lunaire s&rsquo;effectue en huit phases et la nouvelle lune marque le jour z\u00e9ro du cycle La JEUNE lune est la premi\u00e8re phase du cycle lunaire qui commence [&hellip;]<\/p>\n","protected":false},"author":1,"featured_media":0,"parent":3040,"menu_order":20,"comment_status":"closed","ping_status":"closed","template":"","meta":{"_monsterinsights_skip_tracking":false,"_monsterinsights_sitenote_active":false,"_monsterinsights_sitenote_note":"","_monsterinsights_sitenote_category":0,"slim_seo":{"title":"PHASES DE LA LUNE - Holistic Attitude","description":"COMPRENDRE LE CYCLE LUNAIRE En moyenne le nombre de jours entre deux nouvelles lunes est 29 jours 12 heures 44 minutes 2,9 secondes soit 29,53 jours. Le cycle l"},"footnotes":""},"class_list":["post-13743","page","type-page","status-publish","hentry"],"_links":{"self":[{"href":"https:\/\/www.holisticattitude.com\/wp-json\/wp\/v2\/pages\/13743","targetHints":{"allow":["GET"]}}],"collection":[{"href":"https:\/\/www.holisticattitude.com\/wp-json\/wp\/v2\/pages"}],"about":[{"href":"https:\/\/www.holisticattitude.com\/wp-json\/wp\/v2\/types\/page"}],"author":[{"embeddable":true,"href":"https:\/\/www.holisticattitude.com\/wp-json\/wp\/v2\/users\/1"}],"replies":[{"embeddable":true,"href":"https:\/\/www.holisticattitude.com\/wp-json\/wp\/v2\/comments?post=13743"}],"version-history":[{"count":63,"href":"https:\/\/www.holisticattitude.com\/wp-json\/wp\/v2\/pages\/13743\/revisions"}],"predecessor-version":[{"id":16102,"href":"https:\/\/www.holisticattitude.com\/wp-json\/wp\/v2\/pages\/13743\/revisions\/16102"}],"up":[{"embeddable":true,"href":"https:\/\/www.holisticattitude.com\/wp-json\/wp\/v2\/pages\/3040"}],"wp:attachment":[{"href":"https:\/\/www.holisticattitude.com\/wp-json\/wp\/v2\/media?parent=13743"}],"curies":[{"name":"wp","href":"https:\/\/api.w.org\/{rel}","templated":true}]}}