{"id":1199,"date":"2011-11-16T16:19:36","date_gmt":"2011-11-16T14:19:36","guid":{"rendered":"http:\/\/www.holisticattitude.com\/wordpress\/?page_id=1199"},"modified":"2020-05-03T12:49:12","modified_gmt":"2020-05-03T10:49:12","slug":"soins-du-corps-mes-produits-preferes","status":"publish","type":"page","link":"https:\/\/www.holisticattitude.com\/?page_id=1199","title":{"rendered":"SOINS NATURELS DU CORPS -Mes Produits pr\u00e9f\u00e9r\u00e9s"},"content":{"rendered":"<div id=\"attachment_5399\" style=\"width: 220px\" class=\"wp-caption aligncenter\"><a href=\"https:\/\/www.holisticattitude.com\/?attachment_id=5399\" rel=\"attachment wp-att-5399\"><img loading=\"lazy\" decoding=\"async\" aria-describedby=\"caption-attachment-5399\" src=\"https:\/\/www.holisticattitude.com\/wp-content\/uploads\/\/soin-naturels.jpg\" alt=\"\" title=\"soin naturels\" width=\"210\" height=\"147\" class=\"size-full wp-image-5399\" \/><\/a><p id=\"caption-attachment-5399\" class=\"wp-caption-text\">Prendre soin du corps au naturel<\/p><\/div>\n<table style=\u201dtext-align: center; height: 152px;\u201d border=\u201d1\u2033 cellspacing=\u201d0\u2033 cellpadding=\u201d0\u2033 width=\u201d390\u2033>\n<tbody>\n<tr style=\u201dbackground-color: #e9e9e9; font-weight:bolder;\u201d>\n<td><strong>PROPRI\u00c9T\u00c9S<\/strong><\/td>\n<td><strong>PRODUIT<\/strong><\/td>\n<td><strong>UTILISATION<\/strong><\/td>\n<\/tr>\n<tr>\n<td><strong>DOULEURS MUSCULAIRES, DES BLEUS<\/strong><\/td>\n<td> <strong>ARNICA<\/strong> est <strong>l\u2019huile v\u00e9g\u00e9tale<\/strong> <strong><strong>pr\u00e9f\u00e9r\u00e9e du sportif<\/strong><\/strong> et pour les mamans d\u2019enfants en bas \u00e2ge.  \tEn effet l\u2019arnica, alli\u00e9 du muscle et du sang, dissipe la plupart des<strong> douleurs musculaires b\u00e9nignes<\/strong>, mais aussi des bleus. Lorsqu&rsquo;on se prend un coin de table dans la cuisse, l\u2019arnica r\u00e9pare et apaise sans \u00e9quivalent.  C\u2019est pourquoi la commission<strong> E allemand<\/strong> (organisme officiel charg\u00e9 d\u2019\u00e9valuer l\u2019efficacit\u00e9 th\u00e9rapeutique des plantes) le pr\u00e9conise en cas <strong>d\u2019\u0153d\u00e8me<\/strong>, des <strong>contusions,<\/strong><strong>d\u2019h\u00e9matome <\/strong>(bleu) des <strong>troubles musculaires<\/strong> et <strong>articulaires.<\/strong><\/td>\n<td> Disponible en huile, en spray froid et en granules (hom\u00e9opathie). <A HREF=\"#TOP\">HAUT DE PAGE<\/A><BR><\/td>\n<\/tr>\n<tr>\n<td><strong>DOULEURS MUSCULAIRES, DES BLEUS<\/strong><\/td>\n<td> <strong>BAUME DU TIGRE SANS PARABEN<\/strong> est <strong>rouge ou blanc en pot<\/strong>. Issu de la m\u00e9decine chinoise le baume du tigre est utilis\u00e9 depuis des milliers d&rsquo;ann\u00e9es en Asie.  II est compos\u00e9 d&rsquo;une m\u00e9lange de<strong> camphre<\/strong>,(effet r\u00e9chauffant) de <strong>clous de girofle <\/strong>(effet r\u00e9chauffant) et de<strong> menthol.<\/strong> (effet rafra\u00eechissant) <strong>Seul b\u00e9mol <\/strong>le baume contient de la paraffine (42 \u00e0 42%) pour fixer l&rsquo;onguent (pommade) Utile pour les<strong>troubles musculaires<\/strong> et <strong>le soin des articulation, <\/strong> le fatigue musculaire, pour<strong> les maux de t\u00eate<\/strong> (sur les tempes) et pour le <strong>nez bouch\u00e9<\/strong> (uniquement le baume du tigre blanc) et pour les piq\u00fbres d&rsquo;insectes<\/td>\n<td>\n<li>Prenez une noisette de baume et <a href=\"https:\/\/www.holisticattitude.com\/?page_id=1178\"> frictionnez <\/a>  tr\u00e8s vite.<\/li>\n<li> D\u00e8s que vous sentez la chaleur, arr\u00eatez la <a href=\"https:\/\/www.holisticattitude.com\/?page_id=1178\"> friction <\/a> . <\/li>\n<li>II est utilis\u00e9 en application<strong> externe<\/strong> sous forme d&rsquo;onguent d&rsquo;huile, de lotion ou de  <a href=\"https:\/\/www.holisticattitude.com\/?page_id=3941\"> <strong>cataplasme<\/strong> <\/a>. Disponible en pot, en lotion et en patch. Contra-indiqu\u00e9 pour les enfants moins de 7 ans.\t<\/li>\n<li>Faites attention, fans de l&rsquo; hom\u00e9opathie,  le camphre annule les effets de l&rsquo;hom\u00e9opathie<\/li>\n<p><A HREF=\"#TOP\">HAUT DE PAGE<\/A><BR><\/td>\n<\/tr>\n<tr>\n<td><strong>FOIE EST ENGORG\u00c9 <\/strong>pense \u00e0 le drainer<\/td>\n<td><strong>Huile d&rsquo;olive<\/strong>.<\/td>\n<td>Une goutte dans 1 cuill\u00e8re \u00e0 <strong>caf\u00e9 de miel<\/strong> le matin avec le petit d\u00e9jeuner en cas de semaines festives. <A HREF=\"#TOP\">HAUT DE PAGE<\/A><BR><\/td>\n<\/tr>\n<tr>\n<td><strong>FOIE EST ENGORG\u00c9<\/strong> pensez \u00e0 le drainer<\/td>\n<td> <strong>Jus de Radis<\/strong>. <\/td>\n<td>Passez <strong>\u00e0 la centrifugeuse le radis noir <\/strong>et remplissez un verre.  Buvez du jus de radis noir <strong>\u00e0 jeun <\/strong>le matin. Plus simple allez chez le magasin bio et achetez des ampoules. Je reconnais que le gout est assez amer.  C&rsquo;est quelque chose qu&rsquo;on doit apprendre \u00e0 aimer parce que le radis noir est vraiment efficace.<A HREF=\"#TOP\">HAUT DE PAGE<\/A><BR> <\/td>\n<\/tr>\n<tr>\n<td><strong>PIEDS FATIGU\u00c9S<\/strong><\/td>\n<td>Utilisez des<strong> gros sel <\/strong>qui purifient et drainent les mauvaises \u00e9nergies ou les lourdeurs aux pieds. <strong> Un bain de pieds<\/strong> a des effets aussi b\u00e9n\u00e9fiques qu\u2019un bain complet du corps. <\/td>\n<td>Plongez vos pieds dans un seau d&rsquo;eau ti\u00e8de ou chaude \u2013selon votre seuil de tol\u00e9rance \u2013dans lequel vous ajoutez <strong>une poign\u00e9e de gros sel.<\/strong><br \/>\nAu bout de 10 minutes vous ressentirez une relaxation profonde de votre corps physique et  mental.<A HREF=\"#TOP\">HAUT DE PAGE<\/A><BR><\/td>\n<\/tr>\n<tr>\n<td><strong>PIEDS FATIGU\u00c9S<\/strong><\/td>\n<td>les <strong>bicarbonates de soude <\/strong><\/td>\n<td>Plongez vos pieds dans un seau qui contient<strong>une litre de l&rsquo;eau ti\u00e8de ou chaude<\/strong> \u2013selon votre seuil de tol\u00e9rance \u2013dans lequel vous ajoutez 4 <strong>cuill\u00e8res de bicarbonate de soude. <\/strong><br \/>\nAu bout de 10 minutes vous ressentirez une relaxation profonde de votre corps physique et mental. <A HREF=\"#TOP\">HAUT DE PAGE<\/A><BR><\/td>\n<\/tr>\n<tr>\n<td><strong>SOIN QUOTIDIEN POUR LE VISAGE ET LE CORPS<\/strong><\/td>\n<td><strong>Aloe vera<\/strong> est une plante du d\u00e9sert.  Ses feuilles charnues contiennent de l\u2019eau qui permet \u00e0 la plante de survivre pendant de longues p\u00e9riodes de s\u00e9cheresse.  <\/td>\n<td>Utilisez le <strong>gel d\u2019Aloe Vera<\/strong>\u00a0(bio) qui hydrate, nourrit et prot\u00e8ge.  Le gel est efficace \u00e9galement contre les <strong>piq\u00fbres d\u2019insectes<\/strong>, <strong>les br\u00fblures l\u00e9g\u00e8res,<\/strong> le coup de soleil. <A HREF=\"#TOP\">HAUT DE PAGE<\/A><BR><\/td>\n<\/tr>\n<tr>\n<td><strong>SOIN DE VISAGE POUR DES PEAUX D\u00c9LICATES<\/strong><\/td>\n<td><strong>Eau floral de Rose<\/strong>, son utilisation <strong>remonte \u00e0 l\u2019antiquit\u00e9. <\/strong>Elle est connue pour ses propri\u00e9t\u00e9s astringents, anti-inflammatoires et adoucissantes. <\/td>\n<td>Avant de vous maquiller et pour d\u00e9tendre votre visage, <strong>allongez-vous<\/strong> quelques minutes et posez votre visage d\u00e9maquill\u00e9 <strong>des compresses imbib\u00e9es d\u2019eau de rose ou des compresses <strong>d&rsquo;eau de fleurs d&rsquo;oranger<\/strong>. Vous pouvez \u00e9galement utiliser des tampons d&rsquo;ouate d&rsquo;eau de rose ou d&rsquo;eau de fleurs d&rsquo;oranger.<\/strong> <\/td>\n<\/tr>\n<tr>\n<td><strong>TACHES BRUNES DU TEMPES<\/strong><\/td>\n<td>Le <strong>Rosier Muscat<\/strong> est une huile r\u00e9g\u00e9n\u00e9ratrice. Cicatrisante, hydratation, et revitalisation de<strong> peaux s\u00e8ches<\/strong> o\u00f9 qui voient appara\u00eetre les taches brunes du tempes. Nourrissant, protectrice, adoucissante cette huile redonne \u00e9clat et souplesse \u00e0 la peau, et <strong>antirides<\/strong>.  <\/td>\n<td>A utiliser en massage l\u00e9ger sur le corps et le visage. Je l\u2019adore. <A HREF=\"#TOP\">HAUT DE PAGE<\/A><BR><\/td>\n<\/tr>\n<tr>\n<td><strong>VENT NOU\u00c9<\/strong>: recommand\u00e9 pour le ventre nou\u00e9, ballonnements, douleurs b\u00e9nignes mais fortes dans l\u2019intestine.  Lorsque vous sentez monter <strong>une boule d\u2019anxi\u00e9t\u00e9 <\/strong>pensez \u00e0 utiliser <strong>l\u2019argile blanche<\/strong>.  <\/td>\n<td><strong>Argile Blanche<\/strong> ou MONTMORILLONITE (nom scientifique) vous en trouverez dans des magasins bio.<\/td>\n<td>Ajoutez une <strong>cuiller\u00e9e \u00e0 soupe dans un verre d\u2019eau<\/strong>, remuez, puis laissez l\u2019argile se d\u00e9poser \u00e0 nouveau.  <strong>Buvez l\u2019eau.<\/strong> L\u2019argile tapisse naturellement les parois de votre ventre et permet de <strong>calmer les spasmes.<\/strong>II sont chers mais se pr\u00e9sentent sous la <strong>forme des g\u00e9lules<\/strong>. <A HREF=\"#TOP\">HAUT DE PAGE<\/A><BR><\/td>\n<\/tr>\n<tr>\n<td><strong>YEUX\/PAUPI\u00c8RES GONFL\u00c9S<\/strong><\/td>\n<td>Les sachets de <strong>th\u00e9 vert<\/strong>, de<strong>l&rsquo;eau de Bleuet<\/strong>, deux rondelles de<strong> concombres,<\/strong> <\/td>\n<td>Allongez vous sur le lit. Si vous avez les <strong>yeux gonfl\u00e9s,<\/strong> des cernes fatigu\u00e9s, appliquez des compresses de th\u00e9 vert givr\u00e9es (mettez au cong\u00e9lateur des sachets de th\u00e9 vert humidifi\u00e9s). Appliquez sur <strong>vos poches<\/strong> jusqu&rsquo;\u00e0\u2019 \u00e0 ce que ces sachets se r\u00e9chauffent\u00a0.<br \/>\nOu appliquez de<strong> l\u2019eau de bleuet<\/strong> sur deux compresses et laissez-les reposer sur vos yeux, non maquill\u00e9s une dizaine de minutes.<br \/>\nOu appliquez des <strong>rondelles de concombres <\/strong>sur vos yeux.  Laissez agir <strong>pendant 10 minutes<\/strong>. <A HREF=\"#TOP\">HAUT DE PAGE<\/A><BR><\/td>\n<\/tr>\n<\/tbody>\n<\/table>\n","protected":false},"excerpt":{"rendered":"<p>PROPRI\u00c9T\u00c9S PRODUIT UTILISATION DOULEURS MUSCULAIRES, DES BLEUS ARNICA est l\u2019huile v\u00e9g\u00e9tale pr\u00e9f\u00e9r\u00e9e du sportif et pour les mamans d\u2019enfants en bas \u00e2ge. En effet l\u2019arnica, alli\u00e9 du muscle et du sang, dissipe la plupart des douleurs musculaires b\u00e9nignes, mais aussi des bleus. Lorsqu&rsquo;on se prend un coin de table dans la cuisse, l\u2019arnica r\u00e9pare et [&hellip;]<\/p>\n","protected":false},"author":1,"featured_media":0,"parent":7494,"menu_order":10,"comment_status":"open","ping_status":"closed","template":"","meta":{"_monsterinsights_skip_tracking":false,"_monsterinsights_sitenote_active":false,"_monsterinsights_sitenote_note":"","_monsterinsights_sitenote_category":0,"slim_seo":{"title":"SOINS NATURELS DU CORPS -Mes Produits pr\u00e9f\u00e9r\u00e9s - Holistic Attitude","description":"Prendre soin du corps au naturel PROPRI\u00c9T\u00c9S PRODUIT UTILISATION DOULEURS MUSCULAIRES, DES BLEUS ARNICA est l\u2019huile v\u00e9g\u00e9tale pr\u00e9f\u00e9r\u00e9e du sportif et pour les mama"},"footnotes":""},"class_list":["post-1199","page","type-page","status-publish","hentry"],"_links":{"self":[{"href":"https:\/\/www.holisticattitude.com\/index.php?rest_route=\/wp\/v2\/pages\/1199","targetHints":{"allow":["GET"]}}],"collection":[{"href":"https:\/\/www.holisticattitude.com\/index.php?rest_route=\/wp\/v2\/pages"}],"about":[{"href":"https:\/\/www.holisticattitude.com\/index.php?rest_route=\/wp\/v2\/types\/page"}],"author":[{"embeddable":true,"href":"https:\/\/www.holisticattitude.com\/index.php?rest_route=\/wp\/v2\/users\/1"}],"replies":[{"embeddable":true,"href":"https:\/\/www.holisticattitude.com\/index.php?rest_route=%2Fwp%2Fv2%2Fcomments&post=1199"}],"version-history":[{"count":1,"href":"https:\/\/www.holisticattitude.com\/index.php?rest_route=\/wp\/v2\/pages\/1199\/revisions"}],"predecessor-version":[{"id":13672,"href":"https:\/\/www.holisticattitude.com\/index.php?rest_route=\/wp\/v2\/pages\/1199\/revisions\/13672"}],"up":[{"embeddable":true,"href":"https:\/\/www.holisticattitude.com\/index.php?rest_route=\/wp\/v2\/pages\/7494"}],"wp:attachment":[{"href":"https:\/\/www.holisticattitude.com\/index.php?rest_route=%2Fwp%2Fv2%2Fmedia&parent=1199"}],"curies":[{"name":"wp","href":"https:\/\/api.w.org\/{rel}","templated":true}]}}