{"id":1076,"date":"2011-10-28T18:27:46","date_gmt":"2011-10-28T16:27:46","guid":{"rendered":"https:\/\/www.holisticattitude.com\/wordpress\/?page_id=1076"},"modified":"2020-08-24T14:35:56","modified_gmt":"2020-08-24T12:35:56","slug":"chakras","status":"publish","type":"page","link":"https:\/\/www.holisticattitude.com\/yoga\/chakras\/","title":{"rendered":"CHAKRAS"},"content":{"rendered":"<p>Les <strong>CHAKRAS<\/strong> (un chakra) sont des<strong> centres \u00e9nerg\u00e9tiques <\/strong>(roues) qui se trouvent dans le corps et il sont reli\u00e9s entre eux par des canaux <strong>(nadis).<\/strong> \u00a0En sanskrit le mot &lsquo;chakra&rsquo; signifie &lsquo;roue en feu&rsquo;;c&rsquo;est \u00a0un tourbillon enflamm\u00e9, d&rsquo;un mouvement rotatoire.<\/p>\n<div id=\"attachment_1079\" style=\"width: 160px\" class=\"wp-caption alignleft\"><a href=\"https:\/\/www.holisticattitude.com\/wp-content\/uploads\/la-roue-catherine-wheel.jpg\"><img loading=\"lazy\" decoding=\"async\" aria-describedby=\"caption-attachment-1079\" class=\"size-thumbnail wp-image-1079\" title=\"la roue catherine wheel]\" src=\"https:\/\/www.holisticattitude.com\/wp-content\/uploads\/la-roue-catherine-wheel-150x150.jpg\" alt=\"la roue catherine wheel lumi\u00e8re\" width=\"150\" height=\"150\" \/><\/a><p id=\"caption-attachment-1079\" class=\"wp-caption-text\">L\\&rsquo;\u00e9n\u00e9rgie de la vie<\/p><\/div>\n<p>Les chakras re\u00e7oivent, transforment et distribuent le<strong> prana<\/strong> (aussi s&rsquo;appelle <strong>ki, chi, magn\u00e9tisme, \u00e9nergie universelle)<\/strong>.<\/p>\n<p>II y a <strong>SEPT<\/strong> chakras principaux.<\/p>\n<p>Ils sont positionn\u00e9s le long de la colonne vert\u00e9brales \u00e0 des profondeurs diff\u00e9rentes.<\/p>\n<div id=\"attachment_10721\" style=\"width: 230px\" class=\"wp-caption aligncenter\"><a href=\"https:\/\/www.holisticattitude.com\/wp-content\/uploads\/\/toupie_roue.jpg\"><img loading=\"lazy\" decoding=\"async\" aria-describedby=\"caption-attachment-10721\" class=\"size-full wp-image-10721\" src=\"https:\/\/www.holisticattitude.com\/wp-content\/uploads\/\/toupie_roue.jpg\" alt=\"L'\u00e9nergie circule en spirale\" width=\"220\" height=\"150\" \/><\/a><p id=\"caption-attachment-10721\" class=\"wp-caption-text\">L&rsquo;\u00e9nergie circule en spirale<\/p><\/div>\n<p>Lorsque tous les chakras tournent dans le m\u00eame sens en m\u00eame temps une personne est en bonne sant\u00e9.<\/p>\n<p>Un chakra n&rsquo;est jamais ferm\u00e9, bloqu\u00e9. Si la circulation de l&rsquo;\u00e9nergie entre les chakras n&rsquo;est pas harmonieuse des <strong>troubles<\/strong> physiques apparaissent \u00e0 divers niveaux.<\/p>\n<table border=\"1\" width=\"390\" cellspacing=\"0\" cellpadding=\"0\">\n<tbody>\n<tr>\n<td>NOM<\/td>\n<td>EMPLACEMENT PHYSIQUE<\/td>\n<td>DOMAINE CONCERN\u00c9.<\/td>\n<td>ASANA POUR STIMULER LE CHAKRA<\/td>\n<\/tr>\n<tr>\n<td>\n<div id=\"attachment_1081\" style=\"width: 160px\" class=\"wp-caption alignleft\"><a href=\"https:\/\/www.holisticattitude.com\/wp-content\/uploads\/mula.jpg\"><img loading=\"lazy\" decoding=\"async\" aria-describedby=\"caption-attachment-1081\" class=\"size-thumbnail wp-image-1081\" title=\"muladhara yantra rouge\" src=\"https:\/\/www.holisticattitude.com\/wp-content\/uploads\/mula-150x150.jpg\" alt=\"muladhara yantra rouge\" width=\"150\" height=\"150\" \/><\/a><p id=\"caption-attachment-1081\" class=\"wp-caption-text\">Muladhara<\/p><\/div>\n<p>MULADHARA signifie \u00ab\u00a0racine\u00a0\u00bb. <strong>organes<\/strong>: reins, colonne vert\u00e9brale moelle \u00e9pini\u00e8re. \u00a0<strong>Glande<\/strong> : surr\u00e9nales. <strong>Couleur associ\u00e9e :<\/strong>rouge. \u00a0<\/p>\n<p><strong>Mot cl\u00e9 ;<\/strong> \u00ab\u00a0Je suis en s\u00e9curit\u00e9.\u00a0\u00bb.<\/td>\n<td>Situ\u00e9 au niveau de plexus pelvien (entre le sexe et l&rsquo;anus).<\/td>\n<td>S\u00e9curit\u00e9 mat\u00e9rielle. Volont\u00e9 de vivre, instinct de survie.<\/td>\n<td> POSTURES DEBOUT: Le GUERRIER (Virabhadrasana)<\/p>\n<p>Posture de la MONTAGNE  (Tadasane)<\/p>\n<p>Posture du TRIANGLE (Trikonasana).<\/p>\n<p>L&rsquo;Aigle (Garuduasana).<\/p>\n<p>FLEXION EN AVANT:T\u00eate au GENOU (Janusirsasana).<\/p>\n<p>&nbsp;<\/p>\n<p><a href=\"#TOP\">HAUT DE PAGE<\/a><\/td>\n<\/tr>\n<tr>\n<td>\n<div id=\"attachment_1084\" style=\"width: 160px\" class=\"wp-caption alignleft\"><a href=\"https:\/\/www.holisticattitude.com\/wp-content\/uploads\/svadi.jpg\"><img loading=\"lazy\" decoding=\"async\" aria-describedby=\"caption-attachment-1084\" class=\"size-thumbnail wp-image-1084\" title=\"svadisthana yantra orange\" src=\"https:\/\/www.holisticattitude.com\/wp-content\/uploads\/svadi-150x150.jpg\" alt=\"svadisthana yantra orange\" width=\"150\" height=\"150\" \/><\/a><p id=\"caption-attachment-1084\" class=\"wp-caption-text\">Svadisthana<\/p><\/div>\n<p>SWADHISTHANA signifie \u00ab\u00a0Lieu de s\u00e9jour du SOI\u00a0\u00bb. \u00a0O<strong>rganes<\/strong>: g\u00e9nitaux, syst\u00e8me lymphatique. \u00a0 \u00a0 \u00a0 G<strong>lande endocrine:<\/strong> gonade. \u00a0<strong>Couleur<\/strong> associ\u00e9e l&rsquo;orange.<br \/>\n<strong>Mot cl\u00e9 <\/strong>: \u00ab\u00a0Je ressens\u00a0\u00bb.<\/td>\n<td>II est situ\u00e9 mi-chemin entre le nombril et le sexe.<\/td>\n<td>Sexualit\u00e9, cr\u00e9ativit\u00e9, f\u00e9condit\u00e9. Ouvert aux autres. Joie de vivre. D\u00e9sir d&rsquo;aller de l&rsquo;avant.<\/td>\n<td> FLEXION EN ARRI\u00c8RE: : La grenouille (Bhekasana).<\/p>\n<p>FLEXION EN ARRI\u00c8RE: La sauterelle (Salabhasana UN)(Ardha Shalabasana).<\/p>\n<p>FLEXION EN ARRI\u00c8RE: Posture du COBRA (Bhujangasana).<\/p>\n<p>L&rsquo;OUVERTURE DES HANCHES: Baddha Konasana<\/p>\n<p>FLEXION EN AVANT: : Uttanasana<\/p>\n<p>FLEXION EN AVANT: Posture  du angle assis\u00a0(Upavistha Konasane).<\/p>\n<p>Le CHAT: marjari-asana<\/p>\n<p>Posture de l&rsquo;\u00e9tirement intense de FLANC (Parvottanasana)<\/p>\n<p>La DEMI-LUNE (Arda Chandrasana).<\/p>\n<p>Posture de SHIVA (Natarajasana)<\/p>\n<p>&nbsp;<\/p>\n<p><a href=\"#TOP\">HAUT DE PAGE<\/a><\/td>\n<\/tr>\n<tr>\n<td>\n<div id=\"attachment_1086\" style=\"width: 160px\" class=\"wp-caption alignleft\"><a href=\"https:\/\/www.holisticattitude.com\/wp-content\/uploads\/manip.jpg\"><img loading=\"lazy\" decoding=\"async\" aria-describedby=\"caption-attachment-1086\" class=\"size-thumbnail wp-image-1086\" title=\"manipura yantra jaune\" src=\"https:\/\/www.holisticattitude.com\/wp-content\/uploads\/manip-150x150.jpg\" alt=\"manipura yantra jaune\" width=\"150\" height=\"150\" \/><\/a><p id=\"caption-attachment-1086\" class=\"wp-caption-text\">Manipura<\/p><\/div>\n<p>MANIPURA signifie \u00ab\u00a0la cit\u00e9 des joyaux\u00a0\u00bb<strong>. \u00a0 \u00a0Organes:<\/strong> foie, v\u00e9sicule biliaire, rate, estomac, intestines, \u00a0syst\u00e8me nerveux tube digestif. G<strong>lande:<\/strong> pancr\u00e9as endocrine. <strong>Couleur<\/strong> associ\u00e9e \u00a0jaune.<br \/>\n<strong>Mot cl\u00e9: <\/strong> \u00ab\u00a0Je peux\u00a0\u00bb.<\/td>\n<td>II est situ\u00e9 dans le plexus solaire, au dessous des cotes.<\/td>\n<td>G\u00e8re les \u00e9motions; la peur, la col\u00e8re, l&rsquo;anxi\u00e9t\u00e9, d\u00e9veloppement de la personnalit\u00e9. Confiance en Soi. Volont\u00e9. Instinct de poss\u00e9der, de contr\u00f4ler. Est li\u00e9 \u00e0 la petite enfance.<\/td>\n<td>  Demi-torsion SPINALE (Ardha Matsyendrasana).<\/p>\n<p>Contraction des ABDOMENS.(Oudianabanda)<\/p>\n<p>Posture du BATEAU (Navasana)<\/p>\n<p>FLEXION EN ARRi\u00c8RE: Le plan INCLIN\u00c9 (Purvottanasana ou setu asana)<\/p>\n<p>FLEXION EN ARRi\u00c8RE: Posture de l&rsquo;ARC (Dhanaurasana).<\/p>\n<p>&nbsp;<\/p>\n<p><a href=\"#TOP\">HAUT DE PAGE<\/a><\/td>\n<\/tr>\n<tr>\n<td>\n<div id=\"attachment_1087\" style=\"width: 160px\" class=\"wp-caption alignleft\"><a href=\"https:\/\/www.holisticattitude.com\/wp-content\/uploads\/anaha.jpg\"><img loading=\"lazy\" decoding=\"async\" aria-describedby=\"caption-attachment-1087\" class=\"size-thumbnail wp-image-1087\" title=\"anahata chakra vert \u00e9meraude\" src=\"https:\/\/www.holisticattitude.com\/wp-content\/uploads\/anaha-150x150.jpg\" alt=\"anahata chakra vert \u00e9meraude\" width=\"150\" height=\"150\" \/><\/a><p id=\"caption-attachment-1087\" class=\"wp-caption-text\">Anahata<\/p><\/div>\n<p>\u00ab\u00a0ANHATA signifie \u00ab\u00a0point de vie\u00a0\u00bb. Il est la porte de l&rsquo;\u00e2me. <strong>organes<\/strong>: coeur, partie inf\u00e9rieure des poumons, bras, circulation sanguine.\u00a0<strong>Glande<\/strong>: thymus. <strong>Couleurs<\/strong> associ\u00e9es \u00a0vert \u00e9meraude ou rose. \u00a0 \u00a0 \u00a0 \u00a0 \u00a0<br \/>\n<strong> Mot cl\u00e9:<\/strong> \u00ab\u00a0J&rsquo;aime\u00a0\u00bb<\/td>\n<td>II est situ\u00e9 entre les omoplates, au niveau de plexus cardiaque.<\/td>\n<td>Si\u00e8ge de l&rsquo;amour inconditionnel, de l&#8217;empathie, probl\u00e8me de l&rsquo;enfant int\u00e9rieur.<\/td>\n<td> L&rsquo;ouverture de la poitrine: Posture du POISSON (Matsyasana).<\/p>\n<p>Posture assise de la VACHE (Gomukhasana)<\/p>\n<p>FLEXION EN ARRi\u00c8RE COBRA lev\u00e9 (Bhujangasana montante).<\/p>\n<p>Posture en arri\u00e8re: Posture du PONT (setu Bandhasana)<\/p>\n<p>FLEXION EN ARRi\u00c8RE: Posture du POISSON (Matysasana).<\/p>\n<p>FLEXION EN ARRi\u00c8RE Posture du CHAMEAU (Ustrasana).<\/p>\n<p>Posture de la ROUE (Cakasrana)<\/p>\n<p> Torsion du buste (Sukhasana Matsyendrasana).<\/p>\n<p><a href=\"#TOP\">HAUT DE PAGE<\/a><\/td>\n<\/tr>\n<tr>\n<td>\n<div id=\"attachment_1089\" style=\"width: 160px\" class=\"wp-caption alignleft\"><a href=\"https:\/\/www.holisticattitude.com\/wp-content\/uploads\/vishua.jpg\"><img loading=\"lazy\" decoding=\"async\" aria-describedby=\"caption-attachment-1089\" class=\"size-thumbnail wp-image-1089\" title=\"vishuddra yantra bleu ciel\" src=\"https:\/\/www.holisticattitude.com\/wp-content\/uploads\/vishua-150x150.jpg\" alt=\"vishuddra yantra bleu ciel\" width=\"150\" height=\"150\" \/><\/a><p id=\"caption-attachment-1089\" class=\"wp-caption-text\">Vishuddra<\/p><\/div>\n<p>VISHUDDI signifie \u00ab\u00a0puret\u00e9\u00a0\u00bb. <strong>organes;<\/strong> larynx, partie sup\u00e9rieure des poumons.<strong> Glandes<\/strong>; thyro\u00efde, parathyro\u00efde. <strong>Couleur<\/strong> associ\u00e9e bleu ciel.<\/p>\n<p><strong>Mots cl\u00e9s:\u00a0\u00bb<\/strong> \u00ab\u00a0Je communique\u00a0\u00bb.<\/td>\n<td>II est situ\u00e9 au niveau de gorge.<\/td>\n<td>Domaines concern\u00e9s toutes formes de communication, expression.<\/td>\n<td>Postures qui \u00e9tirent ou compressent la <strong>GORGE<\/strong>: Posture de La CHANDELLE (Salamba Sarvangasana).<\/p>\n<p>Posture de la DEMI-CHANDELLE (Vipareeta Karani)<\/p>\n<p>Posture de la CHARRUE (Halasane)<\/p>\n<p>Flexion en AVANT: Posture du CHIEN (Adho Mukhasvanasana).<\/p>\n<p>Flexion en AVANT, assis (Paschimottanasana).<\/p>\n<p>Posture en arri\u00e8re: Posture du PONT (setu Bandhasana)<\/p>\n<p>Posture du LION (Simhasana).<\/p>\n<p><a href=\"#TOP\">HAUT DE PAGE<\/a><\/td>\n<\/tr>\n<tr>\n<td>\n<div id=\"attachment_1090\" style=\"width: 160px\" class=\"wp-caption alignleft\"><a href=\"https:\/\/www.holisticattitude.com\/wp-content\/uploads\/anja.jpg\"><img loading=\"lazy\" decoding=\"async\" aria-describedby=\"caption-attachment-1090\" class=\"size-thumbnail wp-image-1090\" title=\"anja yantra chakra indigo\" src=\"https:\/\/www.holisticattitude.com\/wp-content\/uploads\/anja-150x150.jpg\" alt=\"anja yantra chakra indigo\" width=\"150\" height=\"150\" \/><\/a><p id=\"caption-attachment-1090\" class=\"wp-caption-text\">Anja<\/p><\/div>\n<p>AJNA signifie &lsquo;autorit\u00e9&rsquo;. <strong>Organes:<\/strong> cerveau. <strong>Glande:<\/strong> hypophyse. <strong>Couleur<\/strong> associ\u00e9e indigo.<br \/>\n<strong>Mot cl\u00e9<\/strong> \u00a0\u00bb Je per\u00e7ois\u00a0\u00bb.<\/td>\n<td>II est situ\u00e9 entre les sourcils.<\/td>\n<td>Intuition, connaissance int\u00e9rieure (connaissance de soi), imagination cr\u00e9atrice, le si\u00e8ge de la m\u00e9moire et de l&rsquo;intellect.<\/td>\n<td>Postures qui sollicite <strong>l&rsquo;equilibre du corps<\/strong> et la <strong>concentration<\/strong> Flexion en AVANT: Yoga MUDRA en Padmasana.<\/p>\n<p>Posture de l&rsquo;ARBRE (Vakrasana).<\/p>\n<p>Posture de L&rsquo;AIGlE (Gauradasana)<\/p>\n<p>Posture de SHIVA (Natarajasana)<\/p>\n<p>Le CHAT: marjari-asana<\/p>\n<p>Posture de l&rsquo;enfant (Balasane)<\/p>\n<p>Posture de la CHARRUE (Halasana).<\/p>\n<p>&nbsp;<\/p>\n<p><a href=\"#TOP\">HAUT DE PAGE<\/a><\/td>\n<\/tr>\n<tr>\n<td>\n<div id=\"attachment_1091\" style=\"width: 160px\" class=\"wp-caption alignleft\"><a href=\"https:\/\/www.holisticattitude.com\/wp-content\/uploads\/sahashr.jpg\"><img loading=\"lazy\" decoding=\"async\" aria-describedby=\"caption-attachment-1091\" class=\"size-thumbnail wp-image-1091\" title=\"sahasrara yantra le plus souvent blanc \u00e0 la couleur violette\" src=\"https:\/\/www.holisticattitude.com\/wp-content\/uploads\/sahashr-150x150.jpg\" alt=\"sahasrara yantra le plus souvent blanc \u00e0 la couleur violette\" width=\"150\" height=\"150\" srcset=\"https:\/\/www.holisticattitude.com\/wp-content\/uploads\/sahashr-150x150.jpg 150w, https:\/\/www.holisticattitude.com\/wp-content\/uploads\/sahashr.jpg 234w\" sizes=\"auto, (max-width: 150px) 100vw, 150px\" \/><\/a><p id=\"caption-attachment-1091\" class=\"wp-caption-text\">Sahasrara<\/p><\/div>\n<p>SAHASRARA se dit aussi \u00ab\u00a0Lotus aux mille p\u00e9tales\u00a0\u00bb. \u00a0 \u00a0 \u00a0 \u00a0 \u00a0<strong>Organes:<\/strong> partie sup\u00e9rieure du cerveau. <strong>Glande<\/strong>: pin\u00e9ale. <strong>Couleurs<\/strong> associ\u00e9es, le plus souvent du blanc \u00e0 la violette.<br \/>\n<strong>Mot cl\u00e9<\/strong> : \u00ab\u00a0Je prend conscience\u00a0\u00bb.<\/td>\n<td>Au sommet du cr\u00e2ne.<\/td>\n<td>Connexion au ciel, \u00e0 l&rsquo;intelligence Divine, interrogation m\u00e9taphysique (comme qui suis-je).<\/td>\n<td>Toutes les postures  qui <strong>placent le sommet de la t\u00eate en contact avec le sol<\/strong>: Le POIRIER soutenu (Salamba Sirsasana).<\/p>\n<p>Posture de la CHANDELLE soutenu (Salamba Sarvangasana).<\/p>\n<p>Posture de la GRUE (Bakasana)<\/p>\n<p>&nbsp;<\/p>\n<p><a href=\"#TOP\">HAUT DE PAGE<\/a><\/td>\n<\/tr>\n<\/tbody>\n<\/table>\n","protected":false},"excerpt":{"rendered":"<p>Les CHAKRAS (un chakra) sont des centres \u00e9nerg\u00e9tiques (roues) qui se trouvent dans le corps et il sont reli\u00e9s entre eux par des canaux (nadis). \u00a0En sanskrit le mot &lsquo;chakra&rsquo; signifie &lsquo;roue en feu&rsquo;;c&rsquo;est \u00a0un tourbillon enflamm\u00e9, d&rsquo;un mouvement rotatoire. Les chakras re\u00e7oivent, transforment et distribuent le prana (aussi s&rsquo;appelle ki, chi, magn\u00e9tisme, \u00e9nergie universelle). [&hellip;]<\/p>\n","protected":false},"author":1,"featured_media":0,"parent":6743,"menu_order":10,"comment_status":"open","ping_status":"closed","template":"","meta":{"_monsterinsights_skip_tracking":false,"_monsterinsights_sitenote_active":false,"_monsterinsights_sitenote_note":"","_monsterinsights_sitenote_category":0,"slim_seo":{"title":"CHAKRAS - Holistic Attitude","description":"Les CHAKRAS (un chakra) sont des centres \u00e9nerg\u00e9tiques (roues) qui se trouvent dans le corps et il sont reli\u00e9s entre eux par des canaux (nadis). \u00a0En sanskrit le"},"footnotes":""},"class_list":["post-1076","page","type-page","status-publish","hentry"],"_links":{"self":[{"href":"https:\/\/www.holisticattitude.com\/wp-json\/wp\/v2\/pages\/1076","targetHints":{"allow":["GET"]}}],"collection":[{"href":"https:\/\/www.holisticattitude.com\/wp-json\/wp\/v2\/pages"}],"about":[{"href":"https:\/\/www.holisticattitude.com\/wp-json\/wp\/v2\/types\/page"}],"author":[{"embeddable":true,"href":"https:\/\/www.holisticattitude.com\/wp-json\/wp\/v2\/users\/1"}],"replies":[{"embeddable":true,"href":"https:\/\/www.holisticattitude.com\/wp-json\/wp\/v2\/comments?post=1076"}],"version-history":[{"count":33,"href":"https:\/\/www.holisticattitude.com\/wp-json\/wp\/v2\/pages\/1076\/revisions"}],"predecessor-version":[{"id":10827,"href":"https:\/\/www.holisticattitude.com\/wp-json\/wp\/v2\/pages\/1076\/revisions\/10827"}],"up":[{"embeddable":true,"href":"https:\/\/www.holisticattitude.com\/wp-json\/wp\/v2\/pages\/6743"}],"wp:attachment":[{"href":"https:\/\/www.holisticattitude.com\/wp-json\/wp\/v2\/media?parent=1076"}],"curies":[{"name":"wp","href":"https:\/\/api.w.org\/{rel}","templated":true}]}}